1088	830	assistant	Das Thema, das Sie ansprechen, fällt nicht in den Bereich des Projektmanagements. Ich bin hier, um Ihnen bei Fragen zu Projektmanagement zu helfen. Wenn Sie spezifische Anliegen oder Anliegen im Projektmanagement haben, helfe ich Ihnen gerne damit!	\N	2025-08-27 20:51:29.300862
1090	835	assistant	Das ist eine interessante Frage, aber hier dreht sich alles um Projektmanagement. Wenn du Fragen zu PM hast, helfe ich dir gerne weiter!	\N	2025-08-27 21:04:22.734748
1092	835	assistant	Es gibt mehrere Projektmanagement-Methoden, die je nach Projektart und -anforderungen zielführend sein können. Einige der bekanntesten Methoden sind:\n\n1. **Agiles Projektmanagement**: Diese Methode ist flexibel und fördert die Zusammenarbeit. Das Scrum-Framework ist ein Beispiel für agiles PM, das Sprints nutzt, um in kurzen Zyklen zu arbeiten.\n\n2. **Wasserfallmodell**: Eine traditionellere Vorgehensweise, bei der die Projektphasen sequenziell durchlaufen werden. Das Modell eignet sich gut für Projekte mit klaren Anforderungen.\n\n3. **Lean Projektmanagement**: Konzentriert sich darauf, Verschwendung zu minimieren und Effizienz zu maximieren. Diese Methode ist besonders im Fertigungs- und IT-Sektor verbreitet.	\N	2025-08-27 21:06:09.946426
1093	835	user	Ich möchte das Thema Agiles Projektmanagement vertiefen.	Agiles Projektmanagement	2025-08-27 21:06:23.871522
1327	1009	assistant	Im Immobilien Management gibt es verschiedene fundamentale Faktoren, die Kapitalströme beeinflussen können. Diese Faktoren sind entscheidend für die Analyse von Investitionsmöglichkeiten und die Beurteilung des Marktes. Hier sind einige der wichtigsten:\n\n1. **Zinsentwicklung**: Die Zinssätze haben einen direkten Einfluss auf die Kosten von Hypothekenschulden. Niedrige Zinsen fördern tendenziell Investitionen in Immobilien.\n\n2. **Wirtschaftswachstum**: Ein starkes wirtschaftliches Umfeld führt zu einer höheren Nachfrage nach Immobilien, sowohl gewerblich als auch privat. Das Wirtschaftswachstum beeinflusst das Einkommen der Haushalte und damit die Kaufkraft.\n\n3. **Bevölkerungswachstum und Urbanisierung**: Eine wachsende Bevölkerung und die zunehmende Urbanisierung treiben die Nachfrage nach Wohn- und Geschäftsräumen in städtischen Gebieten.	\N	2025-09-14 12:35:13.819205
1425	1061	assistant	Risikomanagement spielt eine zentrale Rolle im Financial Asset-Management (FAM), insbesondere im Immobilienbereich. Hier sind einige Schlüsselcomponente und Strategien im Risikomanagement, die für das Immobilien-Asset-Management relevant sind:\n\n1. **Identifikation von Risiken**: Zunächst müssen mögliche Risiken identifiziert werden. Das könnten Marktrisiken, rechtliche Risiken, langfristige Mietausfälle oder Unwetterereignisse sein.\n\n2. **Risikobewertung**: Nach der Identifikation erfolgt die Bewertung der Risiken, um ihre möglichen finanziellen Auswirkungen auf das Portfolio zu quantifizieren. Dies kann durch die Analyse von historischen Daten und Marktanalysen durchgeführt werden.\n\n3. **Risikosteuerung**: Strategien zur Risikominderung sind entscheidend. Dazu gehören Diversifikation des Portfolios, Versicherungsschutz sowie die Auswahl von standortstrategischen Positionen, wo die Nachfrage stabiler ist.	\N	2025-09-17 00:18:32.960981
1429	1062	user	Ich möchte das Thema Risikomanagement im Financial Asset-Management vertiefen.	Risikomanagement	2025-09-17 00:21:36.414732
1502	1118	assistant	Das Thema der zusammengesetzten Zinsen ist im Financial Asset Management äußerst wichtig, insbesondere bei der Bewertung von Investitionen und der langfristigen Vermögensplanung, wie im Immobilienmanagement. Zusammengesetzte Zinsen treten auf, wenn Zinsen auf bereits aufgelaufene Zinsen gezählt werden, was zu einem exponentiellen Wachstum des Kapitals führt.\n\nDie Formel zur Berechnung der zusammengesetzten Zinsen wird oft wie folgt dargestellt:\n\n$$\nK = K_0 \\cdot (1 + r)^n\n$$\n\nHierbei gilt:\n- \\( K \\): Das Endkapital nach \\( n \\) Perioden.\n- \\( K_0 \\): Das Anfangskapital oder die ursprüngliche Investition.\n- \\( r \\): Der Zinssatz pro Periode (in Dezimalform).\n- \\( n \\): Die Anzahl der Zinsperioden (z.B. Jahre, Monate).\n\n**Wichtige Aspekte:**\n\n1. **Häufigkeit der Zinsbildung**: Die Anzahl der Zinsperioden pro Jahr beeinflusst den Endbetrag. Wenn die Zinsen oft (monatlich oder täglich) berechnet werden, kann sich das Endkapital wesentlich erhöhen.\n   - Bei monatlicher Zinsbildung wird die Formel leicht angepasst:\n     $$\n     K = K_0 \\cdot \\left(1 + \\frac{r}{m}\\right)^{m \\cdot n}\n     $$\n     wobei \\( m \\) die Anzahl der Zinsphasen pro Jahr angibt.\n\n2. **Langfristige Auswirkungen**: Im Immobilienmanagement kann die Verwendung von zusammengesetzten Zinsen die Rentabilität von Präsentation und Vermietung erheblich steigern. Eine frühe Investition kann bei lange zusammenwirkenden Zinsen eine beträchtliche Wertsteigerung bewirken.\n\n3. **Risiken und Unsicherheiten**: Die Optimierung von fossilen Kapitalanlagen unterliegt Marktrisiken und wirtschaftlichen Unsicherheiten. Daher ist es wichtig, mögliche Szenarien und denn return-of-invest-metodisch geplanten Kalkulationen zu berücksichtigen.\n\nMöchten Sie spezifische Berechnungen zu zusammengesetzten Zinsen in Bezug auf Immobilieninvestitionen oder benötigen Sie Informationen zu den möglichen Strategien zur Maximierung der Rendite?	\N	2025-09-18 15:40:41.92077
1507	1124	user	Warum ist Liquiditätsmanagement von entscheidender Bedeutung für das Financial Asset-Management im Sektor Immobilien Management.	Liquiditätsmanagement	2025-09-21 23:06:59.168051
1082	826	assistant	Es gibt verschiedene Projektmanagement-Methoden, die je nach Art des Projekts und den spezifischen Anforderungen zielführend sein können. Hier sind einige der bekanntesten Methoden:\n\n1. **Wasserfallmodell**: Eine traditionelle Methode, die in klar definierte Phasen unterteilt ist. Ideal für Projekte mit festen Anforderungen.\n\n2. **Agiles Projektmanagement**: Flexibel und iterativ, geeignet für Projekte, deren Anforderungen sich im Verlauf ändern können. Scrum und Kanban sind zwei gängige agile Ansätze.\n\n3. **Lean Project Management**: Fokus auf Effizienz und das Minimieren von Ressourcenverschwendung, oft in der Produktion verwendet.	\N	2025-08-27 12:04:08.847065
1083	827	user	Warum ist der Himmel blau?		2025-08-27 12:05:31.295288
1085	831	user	Warum ist der Himmel blau?		2025-08-27 20:42:09.784027
1087	830	user	Warum ist der Himmel grün?	Projekt-Management Methoden	2025-08-27 20:51:27.509338
1089	835	user	Warum ist der Himmel grün?		2025-08-27 21:04:21.023293
1091	835	user	Welche Projekt-Management Methoden sind zielführend?		2025-08-27 21:05:59.220344
1094	835	assistant	Agiles Projektmanagement ist ein äußerst wertvoller Ansatz, insbesondere in dynamischen Umgebungen, wo Anpassungsfähigkeit gefragt ist. Hier sind einige wichtige Aspekte, die du vertiefen kannst:\n\n1. **Prinzipien des Agilen Manifests**: Diese Grundwerte und -prinzipien bilden die Basis für agiles PM und betonen Aspekte wie individuelle Interaktion, funktionierende Software und Kundenintegration.\n\n2. **Scrum**: Entwickle ein tiefes Verständnis für Rollen (wie Scrum Master und Product Owner), Artefakte (wie Product Backlog und Sprint Backlog) und Events (wie Sprint-Planung und Retrospektiven).\n\n3. **Kanban**: Lerne, wie diese Methode zur Visualisierung von Arbeitsabläufen und zur kontinuierlichen Verbesserung der Prozesse funktioniert.	\N	2025-08-27 21:06:27.621117
1096	836	user	Welche Projekt-Management Methoden sind zielführend?		2025-08-27 21:20:52.575171
1097	836	assistant	Es gibt mehrere etablierte Projektmanagement-Methoden, die sich in verschiedenen Situationen als zielführend erweisen können. Hier sind einige der bekanntesten:\n\n1. **Wasserfallmodell**: Eine lineare Methode, die für Projekte geeignet ist, bei denen die Anforderungen von Anfang an klar sind. Sie umfasst Phasen wie Planung, Umsetzung und Abschluss.\n\n2. **Agiles Projektmanagement**: Eine flexible Methode, die es Teams ermöglicht, schnell auf Änderungen zu reagieren und in kurzen Iterationen (Sprints) zu arbeiten. Besonders geeignet für Softwareentwicklungsprojekte.\n\n3. **Scrum**: Eine spezifische agile Methode, die regelmäßige Meetings (z. B. Daily Stand-ups), klar definierte Rollen (Scrum Master, Product Owner) und feste Zeitrahmen für Sprints verwendet.	\N	2025-08-27 21:20:58.004128
1098	836	user	Ich möchte das Thema Wasserfallmodell vertiefen.	Wasserfallmodell	2025-08-27 21:21:08.643116
1099	836	assistant	Das Wasserfallmodell ist eine der ältesten Methoden im Projektmanagement und wird häufig in Softwareentwicklungs- und Ingenieursprojekten eingesetzt. Hier sind einige wichtige Aspekte des Wasserfallmodells, die Sie vertiefen könnten:\n\n1. **Phasen des Wasserfallmodells**:\n   - **Anforderungsanalyse**: In dieser ersten Phase werden die Anforderungen des Projekts klar definiert und dokumentiert.\n   - **Systemdesign**: Basierend auf den Anforderungen wird ein detailliertes Systemdesign erstellt.\n   - **Implementierung**: Programmierung und Entwicklung des Systems erfolgen in dieser Phase.\n   - **Testen**: Hierbei wird das entwickelte System auf Fehler und Mängel überprüft.\n   - **Einführung**: Nach erfolgreichem Testing wird das Produkt implementiert und an die Benutzer übergeben.\n   - **Wartung**: Diese Phase sorgt dafür, dass das Produkt nach der Einführung weiterhin funktioniert und notwendige Updates erhält.\n\n2. **Vor- und Nachteile**:\n   - **Vorteile**: Klar strukturierter Prozess, einfache Planung und Steuerung, gute Dokumentation.\n   - **Nachteile**: Geringe Flexibilität, schwierig in der Anpassung bei sich ändernden Anforderungen, Risiko hoher Kosten und Zeitverluste, wenn Änderungen nötig sind.\n\n3. **Geeignet für**:\n   - Projekte mit festen Anforderungen und klaren Zielen, insbesondere in stark regulierten Branchen wie dem Bauwesen oder im Gesundheitswesen.\n\nWelche spezifischen Aspekte des Wasserfallmodells interessieren Sie besonders? Möchten Sie mehr über dessen Anwendung, Vor- und Nachteile oder praktische Beispiele erfahren?	\N	2025-08-27 21:21:13.740187
1100	836	user	Ich bin vor allem an dem Thema Vor- und Nachteile interessiert.	Vor- und Nachteile	2025-08-27 21:21:46.842521
1101	836	assistant	Sie wollen die Herausforderungen, die im Projekt-Management auftreten meistern. Zum Beispiel  und Wasserfallmodell, mit dem Lösungsansatz Vor- und Nachteile.\r\n\r\nDas sagt House of PM:\r\n\n\nDas Verständnis der Vor- und Nachteile des Wasserfallmodells ist entscheidend für die richtige Anwendung in Projekten. Hier sind die wichtigsten Aspekte:\n\n### Vorteile\n\n1. **Klarheit und Struktur**: Das Wasserfallmodell folgt einem klaren, sequenziellen Ansatz. Jede Phase hat definierte Ergebnisse und Aufgaben, was die Planung und Verwaltung von Projekten vereinfacht.\n\n2. **Einfache Dokumentation**: Aufgrund seiner linearen Natur wird jede Phase dokumentiert, was einen deutlichen Verlauf für späteren Bezug oder Nachverfolgung ermöglicht.\n\n3. **Einfache Visualisierung**: Die Methodik ist leicht zu visualisieren und zu vermitteln. Stakeholder sind in der Lage, die Fortschritte konkreter zu verfolgen.\n\n "Zeit, Kosten und Qualität wird das magische Dreieck des Projektmanagement genannt.\r\n\r\nUm zu wissen, wann man was priorisieren muss, braucht man aber weniger Magie, sondern die geeignete Methode und Projektmanager, die wissen, wie man Projekte erfolgreich managt."\r\n\r\nHauke Thun, House of PM Gründer	\N	2025-08-27 21:21:53.910895
1102	837	user	Welche Projekt-Management Methoden sind zielführend?	Projekt-Management Methoden	2025-08-27 21:23:13.055169
1103	837	assistant	Es gibt viele verschiedene Projektmanagement-Methoden, die je nach Art des Projekts, den Zielen und den beteiligten Teams zielführend sein können. Hier sind einige der gängigsten und effektivsten Methoden:\n\n1. **Wasserfall-Modell**: Dieses sequentielle Modell eignet sich gut für Projekte, die klar definierte Phasen haben, z.B. in der Bau- oder Softwareentwicklung.\n\n2. **Agiles Projektmanagement**: Diese Methode, zu der Scrum und Kanban gehören, ist flexibel und anpassungsfähig. Sie eignet sich gut für kreative Projekte oder solche, die Zuschnitte und Veränderungen erfordern.\n\n3. **Lean Project Management**: Diese Methode konzentriert sich darauf, Verschwendung zu minimieren und den Wert für den Kunden zu maximieren. Sie ist besonders effektiv in der Produktion und der Dienstleistungsbranche.	\N	2025-08-27 21:23:19.318144
1104	837	user	Ich möchte das Thema Lean Project Management vertiefen.	Lean Project Management	2025-08-27 21:23:29.02094
1121	845	assistant	Es gibt mehrere effektive Projektmanagement-Methoden, die je nach den Anforderungen eines Projekts variieren können. Hier sind einige gängige Methoden:\n\n1. **Wasserfall-Methodik**: Eine lineare und sequentielle Methode, die gut für Projekte mit klaren Anforderungen geeignet ist.\n\n2. **Agiles Projektmanagement**: Dazu gehören Ansätze wie Scrum und Kanban, die Iterationen und Flexibilität betonen und sich besonders gut für Softwareentwicklungsprojekte eignen.\n\n3. **Critical Path Method (CPM)**: Eine Technik, die hilft, die wichtigsten Aufgaben zu identifizieren, die den Zeitrahmen eines Projekts bestimmen.	\N	2025-08-27 21:37:54.886643
1122	850	user	Welche Projekt-Management Methoden sind zielführend?	Projekt-Management Methoden	2025-08-27 21:40:33.10242
1105	837	assistant	Lean Project Management ist eine äußerst effektive Methode, die darauf abzielt, Effizienz zu maximieren und Verschwendung zu minimieren, während gleichzeitig den Wert für den Kunden erhöht wird. Hier sind einige Schlüsselaspekte und Prinzipien von Lean Project Management, die es wert sind, vertieft zu werden:\n\n1. **Wertdefinition**: Der erste Schritt ist, den Wert aus der Sicht des Kunden zu definieren. Was ist für den Kunden wertvoll? Nur das, was diesen Wert liefert, sollte Teil des Projekts sein.\n\n2. **Verschwendung identifizieren**: Es ist wichtig, die verschiedenen Arten von Verschwendung zu identifizieren (z.B. Zeit, Ressourcen, Bewegungen, Material), um diese im Projekt zu minimieren.\n\n3. **Wertstromanalyse**: Durch die Analyse der Schritte im Produktionsprozess kann festgestellt werden, welche Schritte wertschöpfend sind und welche nicht.	\N	2025-08-27 21:23:35.227327
1106	837	user	Ich bin vor allem an dem Thema Verschwendung identifizieren interessiert.	Verschwendung identifizieren	2025-08-27 21:23:43.925128
1328	1010	user	Was sind die fundamentalen Faktoren, die Kapitalströme im Immobilien Management beeinflussen?	Kapitalströme	2025-09-14 12:40:52.583867
1329	1010	assistant	Die fundamentalen Faktoren, die Kapitalströme im Immobilien Management beeinflussen, umfassen eine Vielzahl von Aspekten:\n\n1. **Wirtschaftliche Bedingungen**: Die allgemeine wirtschaftliche Lage, einschließlich GDP-Wachstum, Arbeitslosenquote und Inflation, spielen eine entscheidende Rolle. Positive wirtschaftliche Entwicklungen fördern in der Regel Investitionen in Immobilien.\n\n2. **Zinssätze**: Niedrige Zinssätze begünstigen Kredite und fördern Investitionen. Umgekehrt können hohe Zinssätze das Kapitalmanagement negativ beeinflussen, da Darlehen teurer werden.\n\n3. **Demographische Trends**: Bevölkerungswachstum, Urbanisierung und Altersstruktur der Bevölkerung beeinflussen die Nachfrage nach Wohn- und Gewerbeimmobilien.	\N	2025-09-14 12:41:00.154219
1435	1063	user	Das ist gut. Jetzt bitte das gleiche nochmal aber mit Beispielen.		2025-09-17 00:26:24.065775
1438	1064	assistant	Cash-Flow-Prognosen sind im Immobilien Management von entscheidender Bedeutung aus mehreren Gründen:\n\n1. **Liquiditätsmanagement**: Cash-Flow-Prognosen helfen Ihnen, die zukünftigen Geldflüsse einzuschätzen, sodass Sie sicherstellen können, dass stets ausreichend Liquidität vorhanden ist, um laufende Kosten zu decken, z. B. Hypothekenzahlungen, Betriebskosten und Instandhaltungsaufwendungen.\n\n2. **Investitionsentscheidungen**: Eine genaue Prognose des Cash Flows ist notwendig, um fundierte Entscheidungen über zukünftige Investitionen zu treffen. Sie gibt Anlegern einen klaren Überblick über die Rentabilität und die zeitlichen Aspekte von Investitionen.\n\n3. **Risikomanagement**: Durch die Analyse des Cash Flows können potenzielle Risiken frühzeitig erkannt werden, z. B. wenn anstehende Ausgaben mehr als erwartet steigen oder wenn Mieteinnahmen unerwartet stagnieren. So können geeignete Maßnahmen ergriffen werden.	\N	2025-09-17 00:37:24.864788
1440	1064	assistant	Das Risikomanagement im Financial Asset-Management (FAM) ist ein zentrales Element, das dazu beiträgt, die Stabilität und Rentabilität von Anlageportfolios zu gewährleisten. Hier sind einige Schlüsselaspekte, die Sie vertiefen können:\n\n1. **Risikobewertung**: Identifizieren Sie verschiedene Risiken, die Vermögenswerte beeinflussen können, wie Marktrisiken, Kreditrisiken, operationale Risiken und Liquiditätsrisiken. Dies erfordert eine gründliche Analyse der aktuellen Marktbedingungen und Trends.\n\n2. **Diversifikation**: Durch die Streuung von Investitionen über verschiedene Sektoren, Regionen oder Anlageklassen können Sie das Risiko reduzieren. Diversifikation hilft, potenzielle Verluste in einem Bereich durch Gewinne in einem anderen auszugleichen.\n\n3. **Liquiditätsmanagement**: Stellen Sie sicher, dass Ihre Assets so strukturiert sind, dass Sie leicht auf Liquidität zugreifen können. Das bedeutet, dass Sie über Wissen über den Markt und über verschiedene Exit-Strategien verfügen sollten.	\N	2025-09-17 00:37:38.627295
1442	1064	assistant	\n\nDie Risikobewertung im Financial Asset-Management (FAM) ist entscheidend für die effektive Verwaltung von Vermögenswerten und deren Maximierung. Hier sind einige wesentliche Aspekte, die Sie berücksichtigen sollten:\n\n1. **Quantitative Ansätze**: Diese Methoden nutzen mathematische und statistische Modelle zur Bewertung von Risiken. Dazu gehören:\n   - **Wahrscheinliche Verlustberechnungen (Value at Risk, VaR)**: Bestimmt den maximalen Verlust, den ein Portfolio unter normalen Marktbedingungen über einen bestimmten Zeitraum erleiden könnte.\n   - **Sensitivitätsanalyse**: Analysiert, wie empfindlich die Portfolio-Renditen auf Änderungen in Marktgrößen (z. B. Zinssätze, Wechselkurse) reagieren.\n\n2. **Qualitative Ansätze**: Hier werden nicht nur messbare Faktoren, sondern auch qualitative Aspekte wie Managementgüte, Marktposition oder regulatorische Risiken in Betracht gezogen. Dazu gehören:\n   - **SWOT-Analyse** (Stärken, Schwächen, Chancen, Risiken): Bietet einen ganzheitlichen Blick auf die Risiken und Chancen eines jeden Investments.\n   - **Due Diligence**: Eine umfassende Prüfung vor der Investition, um potenzielle Risiken, wie rechtliche oder technische Schwierigkeiten, zu identifizieren.\n\n3. **Risiko-Minderungstrategien**: Erstellen Sie Strategien, um Risiken zu mindern, z. B. durch Hedging-Instrumente (z. B. Optionen oder Futures), Versicherungen oder die Anpassung der Portfoliostruktur.	\N	2025-09-17 00:37:56.616026
1503	1122	user	Welche Projekt-Management Methoden sind zielführend?	Projekt-Management Methoden	2025-09-21 23:01:33.595332
1504	1122	assistant	Es gibt mehrere Projektmanagement-Methoden, die je nach Projektart, -größe und -komplexität zielführend sein können. Hier sind einige der bekanntesten:\n\n1. **Wasserfallmodell (Waterfall)**: Diese Methode folgt einem linearen Ansatz, wobei jede Phase des Projekts erst abgeschlossen werden muss, bevor die nächste beginnt. Ideal für Projekte mit klaren Anforderungen.\n\n2. **Agil (Agile)**: Agilität fördert Flexibilität und schnelle Anpassungen während des gesamten Projektverlaufes. Methoden wie Scrum oder Kanban sind Beispiele hierfür, die iterative Prozesse und regelmäßige Feedback-Runden einschließen.\n\n3. **PRINCE2**: Dies ist ein prozessorientierter Ansatz, der gut strukturierte und geplante Projekte fördert und verschiedene Managementstrukturen bietet.	\N	2025-09-21 23:01:41.880514
1505	1123	user	Warum wird bei Projekten das Zeitmanagement oft unterschätzt?	Zeitmanagement	2025-09-21 23:03:07.515802
1538	1164	assistant	In der Zinsrechnung gibt es mehrere wichtige Formeln, die häufig verwendet werden. Hier sind die grundlegenden:\n\n1. **Einfacher Zins**:\n   Der einfache Zins kann mit der folgenden Formel berechnet werden:\n   $$\n   Z = K \\cdot p \\cdot t\n   $$\n   wobei \\( Z \\) der Zins ist, \\( K \\) das eingesetzte Kapital, \\( p \\) der Zinssatz (in Dezimalschreibweise) und \\( t \\) die Zeit (in Jahren).\n\n2. **Zinseszins**:\n   Der Zinseszins wird gegeben durch:\n   $$\n   K_{\\text{end}} = K \\cdot \\left(1 + p\\right)^t\n   $$\n   wobei \\( K_{\\text{end}} \\) das Endkapital ist.\n\n3. **Umstellung zur Berechnung des Zinssatzes oder der Investitionsdauer**:\n   Um den Zinssatz zu berechnen, kann die Formel umgestellt werden:\n   $$\n   p = \\frac{K_{\\text{end}}}{K^{(1/t)}} - 1\n   $$\n   Um die Investitionsdauer zu finden, wäre die Formel:\n   $$\n   t = \\frac{\\log\\left(\\frac{K_{\\text{end}}}{K}\\right)}{\\log\\left(1 + p\\right)}\n   $$\n\nDiese Formeln sind grundlegend für die Berechnung von Zinsen, um fundierte Entscheidungen im Financial Asset Management zu treffen.	\N	2025-10-06 14:45:15.922766
1107	837	assistant	Sie wollen die Herausforderungen, die im Projekt-Management auftreten meistern. Zum Beispiel Projekt-Management Methoden und Lean Project Management, mit dem Lösungsansatz Verschwendung identifizieren.\r\n\r\nDas sagt House of PM:\r\n\n\nVerschwendung im Projektmanagement kann in mehreren Formen auftreten. Lean Project Management identifiziert typischerweise sieben Arten von Verschwendung. Hier sind diese Kategorien näher erläutert:\n\n1. **Überproduktion**: Sobald mehr Produkte oder Dienstleistungen erstellt werden, als tatsächlich benötigt werden, führt dies zu überflüssigen Beständen und erhöhten Kosten.\n\n2. **Wartezeiten**: Verzögerungen, sei es aufgrund aufeinanderfolgender Projekte, unzureichender Ressourcen oder Genehmigungen, sind eine Zeitform der Verschwendung. Effektives Zeitmanagement und bessere Planung können hier helfen.\n\n3. **Transport**: Unnötiger Transport von Materialien oder Informationen zwischen Standorten führt zu Ineffizienzen. Die Optimierung der Standortaufteilung kann diese Form der Verschwendung begrenzen.\n\n "Ihr Projekt ist unsere Unternehmung. Diese Vision gilt es weiterhin umzusetzen und an den aktuellen Strömungen und Trends zu entwickeln und zu messen. In dem Zusammenhang muss man nur mal an das Thema KI denken und wie sie das Arbeitsumfeld von Projektmanager:innen verändern wird."\r\n\r\nSibylle Schmidtke - Geschäftsführerin bei House of PM	\N	2025-08-27 21:23:49.778587
1108	838	user	Welche Projekt-Management Methoden sind zielführend?	Projekt-Management Methoden	2025-08-27 21:30:03.277599
1109	838	assistant	Es gibt mehrere effektive Projektmanagement-Methoden, die je nach Art des Projekts, den Teammitgliedern und den Zielen ausgewählt werden können. Hier sind einige der bekanntesten:\n\n1. **Wasserfallmodell**: Eine lineare Methode, die in aufeinanderfolgende Phasen gegliedert ist – Planung, Ausführung, Kontrolle, Abschluss. Ideal für Projekte mit klaren Anforderungen.\n\n2. **Agiles Projektmanagement**: Beinhaltet iterative Ansätze, bei denen das Projekt in kurze Abschnitte (Sprints) unterteilt wird. Häufig verwendet in Softwareentwicklung und kreativen Projekten.\n\n3. **Scrum**: Eine spezielle Form des agilen Projektmanagements, bei dem kleine, funktionsübergreifende Teams in kurzen Zyklen arbeiten, um funktionsfähige Produktinhalte zu liefern.	\N	2025-08-27 21:30:08.620762
1110	838	user	Ich möchte das Thema Scrum vertiefen.	Scrum	2025-08-27 21:30:26.963064
1111	838	assistant	Scrum ist eine agile Projektmanagement-Methode, die sich hervorragend für komplexe Projekte eignet, besonders in der Softwareentwicklung. Hier sind einige Schlüsselelemente von Scrum:\n\n1. **Rollen**:\n   - **Product Owner**: Verantwortlich für das Produkt-Backlog und repräsentiert die Interessen der Stakeholder.\n   - **Scrum Master**: Unterstützt das Team bei der Anwendung von Scrum Praktiken und beseitigt Hindernisse.\n   - **Entwicklungsteam**: Eine Gruppe von Fachleuten, die an der Umsetzung der Produktergebnisse arbeiten.\n\n2. **Artefakte**:\n   - **Product Backlog**: Eine priorisierte Liste aller gewünschten Produktergebnisse.\n   - **Sprint Backlog**: Eine Liste von Aufgaben, die im Laufe eines Sprints erledigt werden sollen.\n   - **Inkrement**: Das am Ende eines Sprints fertiggestellte Produkt, das den Anforderungen entspricht.\n\n3. **Events**:\n   - **Sprint**: Ein festgelegter Zeitraum (in der Regel 1-4 Wochen), in dem ein funktionierendes Produktinkrement erstellt wird.\n   - **Sprint Planning**: Ein Meeting, um das Sprint-Ziel und die Aufgaben zu definieren.\n   - **Daily Scrum**: Ein kurzes tägliches Meeting, um den Fortgang zu besprechen und Hindernisse zu identifizieren.\n   - **Sprint Review**: Eine Überprüfung des Sprint-Ergebnisses mit Stakeholdern.\n   - **Sprint Retrospective**: Eine Sitzung, um das Team zu reflektieren und Möglichkeiten zur Verbesserung zu diskutieren.\n\nDiese Struktur hilft Teams, sich anzupassen, Feedback schnell zu integrieren und kontinuierlich Verbesserung zu erzielen. Möchten Sie noch etwas Spezifisches zu Scrum wissen?	\N	2025-08-27 21:30:32.344628
1112	838	user	Ich bin vor allem an dem Thema Sprint Retrospective interessiert.	Sprint Retrospective	2025-08-27 21:31:21.999123
1113	838	assistant	Die Sprint Retrospective ist eine entscheidende Phase im Scrum-Prozess, die nach dem Sprint Review stattfindet und es dem Team ermöglicht, über den gerade abgeschlossenen Sprint nachzudenken. Hier sind einige wichtige Aspekte der Sprint Retrospective:\n\n1. **Ziel**: Das Hauptziel besteht darin, Verbesserungspotenzial zu erkennen, sowohl auf Ebene der Teamdynamik, der eingesetzten Werkzeuge als auch der Vorgehensweisen. Der Fokus liegt darauf, herauszufinden, was gut gelaufen ist, was weniger gut verlief und was im nächsten Sprint verbessert werden kann.\n\n2. **Ablauf**:\n   - **Rückblick**: Das Team reflektiert über den Sprint und sammelt Daten. Dies kann durch offene Fragen erfolgen wie: Was ist gut gelaufen? Was könnte verbessert werden?\n   - **Diskussion**: Erörterung der gesammelten Rückmeldungen und Identifikation von wiederkehrenden Themen oder Hindernissen.\n   - **Maßnahmen planen**: Gemeinsam entwickeln die Teammitglieder konkrete Maßnahmen, um die identifizierten Probleme zu lösen und das Team im kommenden Sprint zu verbessern.\n\n3. **Methoden**: Es gibt verschiedene Techniken, um eine Retrospektive durchzuführen, wie z.B. die „Start-Stop-Continue“-Methode, das „Mad-Sad-Glad“-Format oder das „4Ls“-Modell (Loved, Learned, Lacked, Longed for).	\N	2025-08-27 21:31:28.193237
1114	833	user	Welche Projekt-Management Methoden sind zielführend?	Projekt-Management Methoden	2025-08-27 21:32:45.733826
1115	833	assistant	Es gibt verschiedene Projektmanagement-Methoden, die je nach Art des Projekts, der Branche und den spezifischen Anforderungen zielführend sein können. Hier sind einige der bekanntesten und erfolgreichsten Methoden:\n\n1. **Wasserfallmodell**: Diese Methode ist linear und sequenziell, was bedeutet, dass jede Phase des Projekts abgeschlossen sein muss, bevor die nächste beginnt. Sie eignet sich gut für Projekte, bei denen die Anforderungen im Voraus klar definiert sind.\n\n2. **Agiles Projektmanagement**: Besonders nützlich in sich schnell ändernden Umgebungen. Diese Methodik fördert iterative Fortschritte, Anpassungen und praktische Tests. Scrum und Kanban sind populäre agile Frameworks.\n\n3. **PRINCE2**: Eine strukturierte Methode, die Fokus auf die Organisation, Kontrolle und Qualität während des gesamten Projektlebenszyklus legt. Sie eignet sich für komplexe Projekte und wird oft in der öffentlichen Verwaltung eingesetzt.	\N	2025-08-27 21:32:50.305036
1116	833	user	Ich möchte das Thema PRINCE2 vertiefen.	PRINCE2	2025-08-27 21:33:07.495557
1117	833	assistant	PRINCE2 (PRojects IN Controlled Environments) ist eine weit verbreitete Projektmanagement-Methode, die sich auf die Organisation, das Management und die Kontrolle von Projekten konzentriert. Hier sind einige zentrale Aspekte von PRINCE2:\n\n1. **Prinzipien**: PRINCE2 beruht auf sieben grundlegenden Prinzipien wie kontinuierliche geschäftliche Rechtfertigung, Lernen aus Erfahrung und definierte Rollen und Verantwortlichkeiten.\n\n2. **Themen**: Die Methode deckt sieben Themen ab, darunter Geschäftsbegründung, Organisation, Qualität, Pläne, Risiko, Änderungssteuerung und Fortschritt.\n\n3. **Prozesse**: PRINCE2 besteht aus sieben Prozessen, die den Lebenszyklus eines Projekts von der Ausgangsphase bis zur Schließungsphase lenken. Dazu gehören unter anderem dieInitiierung des Projekts, die Planung und die Überwachung des Fortschritts.	\N	2025-08-27 21:33:12.271972
1118	833	user	Ich bin vor allem an dem Thema Prozesse interessiert.	Prozesse	2025-08-27 21:33:28.036646
1330	1011	user	Was sind die fundamentalen Faktoren, die Kapitalströme im Immobilien Management beeinflussen?	Kapitalströme	2025-09-14 12:50:36.010495
1119	833	assistant	Bei PRINCE2 sind die sieben Prozesse entscheidend für den strukturierten Umgang mit Projekten. Hier sind die Hauptprozesse im Detail:\n\n1. **Vorbereiten eines Projekts (Starting Up a Project)**: In dieser Phase wird die Machbarkeit untersucht, Ressourcen identifiziert und ein grundlegendes Projektteam gebildet. Ziel ist es, die Projektidee und die Geschäftsbegründung auszuarbeiten.\n\n2. **Initiieren eines Projekts (Initiating a Project)**: Hier wird der Projektauftrag erstellt, die Risiken analysiert und ein detaillierter Plan geschmiedet. Die Ergebnisse dieser Phase legen den Rahmen für die weitere Planung und Umsetzung.\n\n3. **Steuern eines Projekts (Controlling a Stage)**: In diesem Sinne wird jeder Projektabschnitt überwacht und steuert, was sehr wichtig ist, um das Projekt im Zeit- und Kostenrahmen zu halten.	\N	2025-08-27 21:33:33.350484
1120	845	user	Welche Projekt-Management Methoden sind zielführend?	Projekt-Management Methoden	2025-08-27 21:37:50.658277
1123	850	assistant	Im Projektmanagement gibt es mehrere bewährte Methoden, die je nach Art des Projekts, den Zielen und den Teamsuitable zu sein können. Hier sind einige der zielführendsten Methoden:\n\n1. **Wasserfallmodell**: Ein sequenzielles Vorgehen, bei dem jede Phase (Planung, Entwicklung, Test, Implementierung) nacheinander abgeschlossen wird. Ideal für Projekte mit klaren Anforderungen.\n\n2. **Agile**: Eine iterative Methode, die Flexibilität und Anpassungsfähigkeit fördert. Sie ist besonders geeignet für Projekte in dynamischen Umgebungen, meist in der Softwareentwicklung. Methoden wie Scrum oder Kanban fallen darunter.\n\n3. **Lean**: Fokussiert sich auf Effizienz, minimale Verschwendung und kontinuierliche Verbesserung. Besonders nützlich in der Produktion oder in Zusatzverwertung.	\N	2025-08-27 21:40:39.050757
1124	851	user	Welche Projekt-Management Methoden sind zielführend?	Projekt-Management Methoden	2025-08-27 21:47:55.10367
1125	851	assistant	Es gibt verschiedene Projektmanagement-Methoden, die je nach Art des Projekts und den Anforderungen des Teams zielführend sein können. Hier sind einige der beliebtesten Methoden:\n\n1. **Wasserfall-Modell**: Eine sequenzielle, feinstrukturierte Methode, bei der jede Phase abgeschlossen werden muss, bevor die nächste beginnt. Eignet sich gut für Projekte mit klaren Anforderungen.\n2. **Agiles Projektmanagement**: Eine flexible Methode, die iterative Entwicklungszyklen nutzt (Sprints), um Anpassungen während des Projekts zu ermöglichen. Sie ist besonders geeignet für Software- und Entwicklungsprojekte, wo sich Anforderungen schnell ändern können.\n3. **Scrum**: Eine spezielle Art des agilen Managements, die ein Team durch feste Rollen und Zeremonien unterstützt. Es sorgt für kontinuierliche Verbesserung und häufige Überprüfung des Fortschritts.\n\n---\n\n<div class="rag-box">📘 <strong>Empfehlung aus den House of PM Best Practices</strong><br><br>Zielführende Projektmanagement-Methoden sind solche, die eine klare Struktur und Disziplin bieten, um Zeit, Kosten und Qualität im Gleichgewicht zu halten. Zu den bewährten Methoden gehören:\n\n1. **Agiles Projektmanagement**: Diese Methode ermöglicht eine flexible Anpassung an sich ändernde Anforderungen und fördert regelmäßige Überprüfungen des Projektfortschritts.\n\n2. **Wasserfallmodell**: Eine lineare Vorgehensweise, die sich gut für Projekte eignet, bei denen die Anforderungen zu Beginn klar definiert sind.\n\n3. **Scrum**: Eine agile Methode, die in kurzen Iterationen (Sprints) arbeitet und regelmäßige Meetings zur Fortschrittsüberprüfung einführt.\n\n4. **Lean Management**: Fokussiert auf die Minimierung von Verschwendung und die Maximierung von Wertschöpfung.\n\n5. **PRINCE2**: Eine prozessorientierte Methode, die klare Rollen und Verantwortlichkeiten definiert und sich auf die Steuerung von Projekten konzentriert.\n\nDie Wahl der Methode sollte sich nach den spezifischen Anforderungen und der Komplexität des Projekts richten, um die bestmöglichen Ergebnisse zu erzielen. (Quelle: [1])</div>	\N	2025-08-27 21:48:05.595009
1126	851	user	Ich möchte das Thema Scrum vertiefen.	Scrum	2025-08-27 21:48:16.777701
1127	851	assistant	Das ist eine hervorragende Wahl! Scrum ist eine effektive agile Projektmanagementmethode, die sich besonders gut für komplexe Projekte eignet und auf Flexibilität und Teamarbeit setzt. Hier sind einige zentrale Aspekte von Scrum, die wir vertiefen können:\n\n1. **Rollen in Scrum**:\n2. **Artefakte**:\n3. **Zeremonien**:\n\n---\n\n<div class="rag-box">📘 <strong>Empfehlung aus den House of PM Best Practices</strong><br><br>Scrum ist ein agiles Rahmenwerk für das Projektmanagement, das sich besonders gut für komplexe Projekte eignet, bei denen sich Anforderungen häufig ändern. Es basiert auf der Zusammenarbeit in selbstorganisierten Teams und fördert iterative Entwicklungsprozesse. Die wichtigsten Elemente von Scrum sind:\n\n1. **Rollen**: Es gibt drei Hauptrollen – den Scrum Master, der das Team unterstützt und Hindernisse beseitigt; den Product Owner, der die Anforderungen definiert und priorisiert; und das Entwicklungsteam, das die Arbeit umsetzt.\n\n2. **Events**: Scrum umfasst regelmäßige Meetings, darunter das Sprint Planning (Planung des Sprints), Daily Scrum (tägliches Stand-up-Meeting), Sprint Review (Überprüfung des Sprints) und Sprint Retrospective (Reflexion über den Sprint).\n\n3. **Artefakte**: Zu den zentralen Artefakten gehören das Product Backlog (Liste aller Anforderungen), das Sprint Backlog (Liste der Aufgaben für den aktuellen Sprint) und das Increment (das fertige Produkt am Ende eines Sprints).\n\nScrum fördert Transparenz, Überprüfung und Anpassung, was es Teams ermöglicht, schnell auf Veränderungen zu reagieren und kontinuierlich zu lernen. Es ist wichtig, Scrum in einem stabilen Rahmen zu implementieren, um die Vorteile voll auszuschöpfen.</div>	\N	2025-08-27 21:48:28.028908
1128	851	user	Ich bin vor allem an dem Thema Artefakte interessiert.	Artefakte	2025-08-27 21:48:46.395133
1129	851	assistant	Perfekt! Die Artefakte in Scrum sind entscheidend für die Transparenz und Struktur des Projekts. Sie helfen, den Fortschritt zu verfolgen und sicherzustellen, dass alle Teammitglieder auf dem gleichen Stand sind. Hier sind die drei Hauptartefakte von Scrum:\n\n1. **Product Backlog**:\n2. **Sprint Backlog**:\n3. **Increment**:\n\n---\n\n<div class="rag-box">📘 <strong>Empfehlung aus den House of PM Best Practices</strong><br><br>Artefakte im Projektmanagement sind dokumentierte Ergebnisse oder Produkte, die während des Projektverlaufs erstellt werden. Sie dienen der Kommunikation, Dokumentation und Nachverfolgbarkeit von Fortschritten und Entscheidungen. Wichtige Artefakte können Projektpläne, Statusberichte, Risikoregister, Meilenstein-Dokumente und Ressourcen-Matrizen sein. Diese Artefakte helfen, die Transparenz zu erhöhen und sicherzustellen, dass alle Projektbeteiligten auf dem gleichen Stand sind. Insbesondere die Definition und Dokumentation von Meilensteinen und Ressourcen sind entscheidend, um die Projektziele zu erreichen und die strategische Ausrichtung zu gewährleisten (vgl. [1], [2]).</div>	\N	2025-08-27 21:48:56.654979
1130	853	user	Welche Projekt-Management Methoden sind zielführend?	Projekt-Management Methoden	2025-08-27 22:24:11.806706
1131	853	assistant	Es gibt mehrere Projektmanagement-Methoden, die je nach den spezifischen Anforderungen und Kontexten von Projekten zielführend sein können. Hier sind einige der bekanntesten:\n\n1. **Wasserfall-Methode**: Ideal für Projekte mit klaren, festgelegten Anforderungen, bei denen die Phasen sequenziell durchlaufen werden.\n\n2. **Agile**: Flexibel und anpassungsfähig, ideal für Projekte, bei denen Änderungen während des Entwicklungsprozesses häufig auftreten. Scrum und Kanban sind Beispiele für agile Methoden.\n\n3. **PRINCE2**: Eine strukturierte Methode, die in Großbritannien weit verbreitet ist und einen starken Fokus auf die Organisation, Kontrolle und Qualität des Projekts legt.	\N	2025-08-27 22:24:16.855851
1132	853	user	Ich möchte das Thema PRINCE2 vertiefen.	PRINCE2	2025-08-27 22:24:23.2762
1539	1165	user	Warum ist Liquiditätsmanagement von entscheidender Bedeutung für das Financial Asset-Management im Sektor Immobilien Management.	Liquiditätsmanagement	2025-10-06 15:01:16.913223
1543	1165	user	Ich bin vor allem an dem Thema Liquiditätsreserven im Financial Asset-Management interessiert.	Liquiditätsreserven	2025-10-06 15:02:49.662991
1133	853	assistant	PRINCE2 (Projects IN Controlled Environments) ist eine prozessorientierte Projektmanagement-Methode, die einen klaren Rahmen für das Management von Projekten bietet. Hier sind einige ihrer wichtigsten Merkmale:\n\n1. **Prozessorientierung**: PRINCE2 definiert 7 Prozesse, die von der Projektinitiative bis zum Abschluss reichen. Diese Prozesse helfen, Aktivitäten und Verantwortlichkeiten klar zuzuordnen.\n\n2. **Themen**: Es gibt 7 Themen, die in jedem Projekt behandelt werden müssen, wie z. B. Business Case, Organisation, Risiko und Qualität. Diese Themen helfen sicherzustellen, dass wichtige Aspekte des Projekts kontinuierlich berücksichtigt werden.\n\n3. **Prinzipien**: PRINCE2 basiert auf 7 Prinzipien, die als Leitfäden für das Projektmanagement dienen, wie z. B. das Lernen aus Erfahrungen, die fortlaufende Geschäftsrechtfertigung und die Fokussierung auf spezifische Ziele.	\N	2025-08-27 22:24:27.749326
1134	853	user	Ich bin vor allem an dem Thema Prozessorientierung interessiert.	Prozessorientierung	2025-08-27 22:24:40.124819
1137	854	assistant	Es gibt mehrere bewährte Projektmanagementmethoden, die je nach Art des Projekts, der Teamdynamik und den spezifischen Anforderungen effektiv sein können. Hier sind einige der gängigsten Methoden:\n\n1. **Wasserfall**: Eine lineare und sequentielle Methode, bei der jede Phase des Projekts abgeschlossen sein muss, bevor die nächste beginnt. Sie eignet sich gut für Projekte mit klaren und stabilen Anforderungen.\n\n2. **Agile**: Eine iterative Methode, die Flexibilität und Anpassungsfähigkeit fördert, indem sie in kurzen Zyklen (Sprints) arbeitet und sich auf die kontinuierliche Verbesserung und den Austausch mit Kunden konzentriert.\n\n3. **Scrum**: Eine spezialisierte Form von Agile, die strukturierte Rollen, Ereignisse und Artefakte bietet, um die Projektentwicklung in kleine, manageable Schritte zu unterteilen.	\N	2025-08-27 22:34:10.141842
1138	854	user	Ich möchte das Thema Scrum vertiefen.	Scrum	2025-08-27 22:34:21.439922
1141	854	assistant	Sie wollen die Herausforderungen, die im Projekt-Management auftreten meistern. Zum Beispiel Projekt-Management Methoden und Scrum, mit dem Lösungsansatz Sprint Review.\r\n\r\nDas sagt House of PM:\r\n\n\nDas Sprint Review ist ein entscheidendes Ereignis in Scrum, das am Ende eines Sprints stattfindet. Hier sind die wesentlichen Punkte, die Sie über das Sprint Review wissen sollten:\n\n### Zweck des Sprint Reviews\n\n- **Überprüfung des Inkrements**: Während diesem Meeting wird das am Ende des Sprints entwickelte Produktinkrement dem Team und den Stakeholdern präsentiert. Es wird überprüft, ob die Ziele des Sprints erreicht wurden und welche Funktionen tatsächlich implementiert wurden.\n  \n- **Feedback einsammeln**: Stakeholder und andere Teammitglieder geben Feedback zu den präsentierten Features. Dies ist eine Gelegenheit, um sicherzustellen, dass die entwickelten Funktionen den Erwartungen entsprechen.\n\n### Teilnehmer\n\n- **Entwicklungsteam**: Präsentiert das Inkrement und demonstriert die akzeptierten Backlog-Elemente.\n- **Product Owner**: Erführt die Diskussion über die Prioritäten, die den nächsten Produktinkrement betreffen.\n- **Stakeholder**: Personen, die ein Interesse am Produkt haben (z.B. Kunden, Manager), die Input geben und Fragen stellen können.\n\n### Struktur des Sprint Reviews\n\n1. **Präsentation des Inkrements**: Das Entwicklungsteam zeigt, was während des Sprints erreicht wurde. Oft erfolgt dies durch eine Live-Demonstration der neuen Funktionen.\n\n2. **Diskussion über Fortschritte**: Hier wird besprochen, was gut funktioniert hat, was nicht, und welches Feedback zu den neuen Funktionen vorliegt.\n\n3. **Anpassung des Product Backlogs**: Basierend auf dem Feedback und den Diskussionen wird das Product Backlog aktualisiert, um sicherzustellen, dass es die neuesten Informationen und Prioritäten widerspiegelt.	\N	2025-08-27 22:34:46.709811
1142	855	user	Warum wird bei Projekten das Zeitmanagement oft unterschätzt?	Zeitmanagement	2025-08-27 22:36:01.504189
1145	856	assistant	Es gibt verschiedene Projektmanagement-Methoden, die je nach Art des Projekts, Team und Zielen unterschiedlich zielführend sein können. Hier sind einige der gängigsten Ansätze:\n\n1. **Wasserfallmodell**: Diese Methode verfolgt einen sequenziellen Ansatz, bei dem jede Phase des Projekts (Planung, Ausführung, Abschluss) erst abgeschlossen wird, bevor die nächste beginnt.\n\n2. **Agile**: Ein flexibler Ansatz, der iterative Entwicklungen und regelmäßige Rückkopplungen durch kleine, inkrementelle Releases verwendet. Dies ist ideal für Projekte, bei denen sich Anforderungen ändern können.\n\n3. **Scrum**: Eine spezielle Form von Agile, die in Sprints organisiert ist und regelmäßige Meetings (wie Daily Stand-ups) beinhaltet, um den Fortschritt zu besprechen.	\N	2025-08-27 23:02:53.831448
1146	856	user	Ich möchte das Thema Agile vertiefen.	Agile	2025-08-27 23:03:07.45578
1149	856	assistant	Sie wollen die Herausforderungen, die im Projekt-Management auftreten meistern. Zum Beispiel Projekt-Management Methoden und Agile, mit dem Lösungsansatz Kanban.\r\n\r\nDas sagt House of PM:\r\n\n\nKanban ist eine beliebte Agile-Methode, die sich auf die Visualisierung des Arbeitsflusses konzentriert und Ihnen hilft, Engpässe zu identifizieren und die Effizienz zu steigern. Hier sind einige Hauptmerkmale von Kanban:\n\n1. **Visualisierung**: Kanban-Boards zeigen den Fortschritt von Aufgaben, indem sie verschiedene Phasen des Arbeitsprozesses darstellen. Jede Aufgabe wird in Form von Karten angezeigt, die sich durch verschiedene Spalten bewegen.\n\n2. **Work in Progress (WIP)**: Kanban legt Beschränkungen für die Anzahl der Aufgaben fest, die sich gleichzeitig in einem bestimmten Stadium des Prozesses befinden können. Dies hilft, Überlastung zu vermeiden und den Fokus auf den Abschluss von Aufgaben zu richten.\n\n3. **Kontinuierlicher Fluss**: Der Schwerpunkt von Kanban liegt auf der Maximierung des Flusses von Aufgaben durch den Prozess, was bedeutet, dass das Team kontinuierlich am Workflow arbeitet, anstatt beschränkte Zeitrahmen für die Durchführung von Sprints festzulegen.	\N	2025-08-27 23:03:35.59144
1155	860	assistant	Es gibt mehrere Projektmanagement-Methoden, die als zielführend gelten. Hier sind einige der bekanntesten:\n\n1. **Wasserfall-Methode**: Eine lineare, phaseng organisierte Methode, bei der jede Phase des Projekts abgeschlossen sein muss, bevor die nächste beginnt. Ideal für Projekte mit klaren Anforderungen.\n\n2. **Agiles Projektmanagement**: Konzentriert sich auf Flexibilität und Anpassungsfähigkeit. Anstatt einen festen Plan zu verfolgen, werden Anforderungen und Lösungen durch die Zusammenarbeit von funktionsübergreifenden Teams entwickelt.\n\n3. **Scrum**: Eine spezielle Form des agilen Projektmanagements, die in kurzen Zyklen, den sogenannten Sprints, arbeitet, um iterative Verbesserungen zu erzielen.	\N	2025-08-28 06:31:40.345346
1156	860	user	Ich möchte das Thema Scrum vertiefen.	Scrum	2025-08-28 06:32:06.606014
1196	875	assistant	Es gibt verschiedene Projektmanagement-Methoden, die je nach Projektart und Unternehmensumfeld zielführend sein können. Hier sind einige der häufigsten Methoden:\n\n1. **Wasserfallmodell**: Dies ist eine lineare Vorgehensweise, die für Projekte mit klaren Anforderungen und wenig Änderungen geeignet ist. Die Phasen sind sequenziell und schließen sich nacheinander ab, was das Projekt leicht planbar macht.\n\n2. **Agile**: Ein flexibler Ansatz, der sich gut für dynamische, sich ändernde Anforderungen eignet. Agile umfasst Methoden wie Scrum und Kanban, die iterative Prozesse und regelmäßige Feedbackschleifen betonen.\n\n3. **SCRUM**: Eine spezialisierte agile Methode, die sich auf die Entwicklung von Software konzentriert. Sie beinhaltet kurze Entwicklungszyklen (Sprints) und ständiges Stakeholder-Engagement.	\N	2025-08-28 09:53:01.82451
1135	853	assistant	Sie wollen die Herausforderungen, die im Projekt-Management auftreten meistern. Zum Beispiel Projekt-Management Methoden und PRINCE2, mit dem Lösungsansatz Prozessorientierung.\r\n\r\nDas sagt House of PM:\r\n\n\nDie Prozessorientierung von PRINCE2 ist ein zentrales Element, da sie strukturiert, wann und wie Projekte durchgeführt werden. Hier sind die 7 Prozesse von PRINCE2 in Übersicht:\n\n1. **بدأ المشروع (Starting Up a Project)**: In diesem Prozess wird die Machbarkeit des Projekts bewertet, die Projektziele definiert und die notwendige Grundlage für den Projektstart geschaffen.\n\n2. **Steuerung eines Projekts (Directing a Project)**: Dieser Prozess umfasst die Entscheidungsfindung durch das Projektlenkungsgremium. Er gewährleistet, dass das Projekt auf Kurs bleibt und die richtigen Ressourcen zugewiesen werden.\n\n3. **Initiieren eines Projekts (Initiating a Project)**: Hier wird ein detaillierter Projektplan erstellt, einschließlich Definition der Ziele, des Zeitplans und der Rahmenbedingungen.	\N	2025-08-27 22:24:44.619589
1136	854	user	Welche Projekt-Management Methoden sind zielführend?	Projekt-Management Methoden	2025-08-27 22:34:05.609692
1139	854	assistant	Das ist großartig! Scrum ist eine sehr beliebte agile Methode für das Projektmanagement, insbesondere in der Softwareentwicklung. Hier sind einige grundlegende Elemente von Scrum, die Ihnen beim Verständnis helfen werden:\n\n1. **Rollen**:\n   - **Product Owner**: Verantwortlich für die Produktvision und das Management des Produkt-Backlogs. Diese Rolle priorisiert die Aufgaben und stellt sicher, dass das Team an den höchsten Werten arbeitet.\n   - **Scrum Master**: Hilft dem Team dabei, Scrum effektiv zu implementieren, beseitigt Hindernisse und fördert eine gute Teamdynamik.\n   - **Entwicklungsteam**: Ein selbstorganisierendes Team, das die Arbeit erledigt, um das Produkt in Sprints zu liefern.\n\n2. **Artefakte**:\n   - **Product Backlog**: Eine geordnete Liste aller gewünschten Funktionen und Anforderungen an das Produkt. Es ist dynamisch und ändert sich während des Projekts.\n   - **Sprint Backlog**: Eine Auswahl von Backlog-Elementen, die das Team in einem Sprint umsetzen wird. Es entsteht zu Beginn jedes Sprints.\n   - **Inkrement**: Das gesamte Ergebnis der geleisteten Arbeit, das am Ende eines Sprints bereit ist und einen Mehrwert bietet.\n\n3. **Ereignisse**:\n   - **Sprint**: Eine feste Zeitspanne (typischerweise 2–4 Wochen), in der ein funktionsfähiges Produktinkrement erstellt wird.\n   - **Sprint Planning**: Ein Treffen zu Beginn des Sprints, um festzulegen, was das Team im Sprint erreichen möchte.\n   - **Daily Scrum**: Ein kurzes tägliches Treffen (15 Minuten), um den Fortschritt zu besprechen und Tagesziele festzulegen.\n   - **Sprint Review**: Ein Treffen am Ende des Sprints, um das Inkrement zu überprüfen und Feedback zu erhalten.\n   - **Sprint Retrospective**: Ein Treffen zur Reflexion über den vergangenen Sprint, um Prozesse zu verbessern.\n\nWenn Sie spezifische Aspekte von Scrum näher betrachten möchten, lassen Sie es mich wissen!	\N	2025-08-27 22:34:27.31711
1140	854	user	Ich bin vor allem an dem Thema Sprint Review interessiert.	Sprint Review	2025-08-27 22:34:40.553495
1143	855	assistant	Das Zeitmanagement wird oft unterschätzt, weil viele Projektmanager und Teammitglieder sich zu sehr auf die Fachinhalte konzentrieren und dabei die zeitlichen Aspekte vernachlässigen. Hier sind einige Gründe, warum das passieren kann:\n\n1. **Optimismus**: Bei der Planung werden häufig annähernde Zeitrahmen angegeben, die zu optimistisch sind.\n\n2. **Unklare Anforderungen**: Wenn die Projekterfordernisse nicht klar definiert sind, kann es zu Verzögerungen kommen, da Teams arbeiten müssen, um diese Unsicherheiten zu klären.\n\n3. **Unerwartete Risiken**: Projekte unterliegen oft unvorhergesehenen Risiken oder Schwierigkeiten, die nicht rechtzeitig erkannt werden.	\N	2025-08-27 22:36:05.099036
1144	856	user	Welche Projekt-Management Methoden sind zielführend?	Projekt-Management Methoden	2025-08-27 23:02:49.378224
1147	856	assistant	Das ist eine großartige Wahl! Agile Projektmanagement ist flexibel und fördert die Zusammenarbeit und Anpassungsfähigkeit. Hier sind einige wichtige Aspekte, die Sie vertiefen können:\n\n1. **Grundprinzipien**: Gibt es bestimmte Werte und Prinzipien im Agile Manifest, die die Agile-Philosophie leiten?\n\n2. **Scrum**: Wie funktioniert das Scrum-Framework, einschließlich Rollen (z.B. Scrum Master, Product Owner), Events (z.B. Sprints, Sprint Retrospektiven) und Artefakte (z.B. Product Backlog, Sprint Backlog)?\n\n3. **Kanban**: Welche Prinzipien und Praktiken charakterisieren Kanban und wie unterscheidet sich dieser Ansatz von Scrum?	\N	2025-08-27 23:03:10.805943
1148	856	user	Ich bin vor allem an dem Thema Kanban interessiert.	Kanban	2025-08-27 23:03:31.513793
1154	860	user	Welche Projekt-Management Methoden sind zielführend?		2025-08-28 06:31:33.672122
1157	860	assistant	Scrum ist ein beliebtes agiles Rahmenwerk, das häufig im Projektmanagement verwendet wird. Hier sind einige zentrale Aspekte von Scrum:\n\n1. **Rollen**: Es gibt drei Hauptrollen im Scrum:\n   - **Product Owner**: Verantwortlich für das Projektziel und die Priorisierung der Anforderungen.\n   - **Scrum Master**: Unterstützt das Team bei der Anwendung von Scrum-Praktiken und beseitigt Hindernisse.\n   - **Entwicklungsteam**: Eine selbstorganisierende Gruppe von Fachleuten, die die Arbeit ausführt.\n\n2. **Artefakte**:\n   - **Product Backlog**: Eine priorisierte Liste aller Anforderungen und Aufgaben.\n   - **Sprint Backlog**: Eine Liste mit den Aufgaben, die während eines Sprints bearbeitet werden.\n   - **Increment**: Das Ergebnis der Arbeit des Entwicklungsteams während eines Sprints.\n\n3. **Sprint**: Ein festgelegter Zeitraum (in der Regel 2-4 Wochen), in dem ein „Increment“ erstellt wird. Jeder Sprint beginnt mit einem Sprint Planning Meeting und endet mit einem Sprint Review und einem Sprint Retrospective.	\N	2025-08-28 06:32:13.269428
1158	860	user	Ich bin vor allem an dem Thema Artefakte interessiert.	Artefakte	2025-08-28 06:32:36.103593
1161	861	assistant	Typische Probleme mit der Budget-Kontrolle im Projektmanagement können folgende Aspekte umfassen:\n\n1. **Unzureichende Budgetplanung**: Oftmals wird das Budget nicht ausreichend detailliert geplant, was zu ungenauen Kostenprognosen führen kann.\n\n2. **Änderungen im Projektscope**: Änderungen im Projektumfang können häufig zu Budgetüberschreitungen führen, insbesondere wenn diese nicht ordnungsgemäß dokumentiert und genehmigt werden.\n\n3. **Unbliebte Kosten**: Unerwartete Ausgaben, wie z. B. für Zulieferer oder Materialien, können den finanziellen Rahmen sprengen.	\N	2025-08-28 06:37:42.132866
1162	861	user	Ich möchte das Thema Änderungen im Projektscope vertiefen.	Änderungen im Projektscope	2025-08-28 06:37:57.821466
1197	875	user	Ich bin vor allem an dem Thema SCRUM interessiert.	SCRUM	2025-08-28 09:53:33.098293
1201	877	user	Ich möchte das Thema IPMA (International Project Management Association) vertiefen.	IPMA (International Project Management Association)	2025-08-28 09:54:26.808687
1331	1011	assistant	Im Immobilien Management gibt es mehrere fundamentale Faktoren, die die Kapitalströme beeinflussen können:\n\n1. **Wirtschaftliche Rahmenbedingungen**: Die allgemeine wirtschaftliche Lage, wie z.B. Bruttoinlandsprodukt (BIP) Wachstum, Arbeitsmarktsituation und Inflation, hat großen Einfluss auf die Investitionsbereitschaft im Immobiliensektor.\n\n2. **Zinssätze**: Die Höhe der Zinssätze beeinflusst die Kosten der Finanzierung für Investoren. Niedrige Zinssätze können zu höheren Kapitalströmen führen, da die Kreditaufnahme attraktiver wird.\n\n3. **Marktentwicklung**: Trends im Immobilienmarkt, wie Angebot und Nachfrage, wirken direkt auf die Wertentwicklung von Immobilien und damit auf Kapitalflüsse.	\N	2025-09-14 12:50:40.981574
1159	860	assistant	Sie wollen die Herausforderungen, die im Projekt-Management auftreten meistern. Zum Beispiel  und Scrum, mit dem Lösungsansatz Artefakte.\r\n\r\nDas sagt House of PM:\r\n\n\nDie Artefakte in Scrum sind wesentliche Komponenten, die den Fortschritt und die Transparenz im Projektmanagement sicherstellen. Hier sind die drei zentralen Artefakte:\n\n1. **Product Backlog**:\n   - Das Product Backlog ist eine kontinuierlich gepflegte Liste aller Anforderungen, Ideen, Fehler und Aufgaben erforderlich für das Projekt. Es ist priorisiert, sodass die wichtigsten Features und Anforderungen zuerst bearbeitet werden. Der Product Owner ist für die Pflege des Backlogs verantwortlich und sorgt dafür, dass es immer auf dem aktuellsten Stand ist.\n\n2. **Sprint Backlog**:\n   - Das Sprint Backlog besteht aus den Einträgen im Product Backlog, die während eines Sprints bearbeitet werden. Es enthält die spezifischen Aufgaben, die das Entwicklungsteam während des Sprints umsetzen will. Das Sprint Backlog ist dynamisch und kann während des Sprints angepasst werden, wenn weitere Erkenntnisse und Anpassungen notwendig sind.\n\n3. **Increment**:\n   - Das Increment ist das resultierende Produkt oder die Gesamtheit der abgeschlossenen Arbeiten am Ende eines Sprints. Es sollte den Qualitätsstandards entsprechen und bereit für den Einsatz sein, d. h. es muss potenziell auslieferbar sein. Jedes Increment baut auf vorherigen Increments auf und fügt neuen Wert hinzu.\n\nDiese Artefakte fördern die Transparenz, Reflexion und Zusammenarbeit innerhalb und außerhalb des Scrum-Teams. Wenn Sie spezifische Fragen zu einem der Artefakte haben oder weitere Details wünschen, lassen Sie es mich wissen!	\N	2025-08-28 06:32:41.503591
1160	861	user	Was sind typische Probleme mit Budget-Kontrolle im Projektmanagement?	Budget-Kontrolle	2025-08-28 06:37:36.494211
1163	861	assistant	Änderungen im Projektscope, auch bekannt als Scope Creep, können erhebliche Auswirkungen auf das Projektbudget und den Zeitplan haben. Hier sind einige wesentliche Punkte, die Sie in Betracht ziehen sollten:\n\n1. **Ursachen für Scope Creep**: Änderungen können durch nicht klar definierte Projektziele, Anforderungen der Stakeholder oder Client-Wünsche entstehen. Es ist wichtig, von Anfang an Klarheit über den Projektumfang zu schaffen.\n\n2. **Auswirkungen auf Budget und Zeit**: Jeder zusätzliche Umfang kann zu Mehrkosten sowie zum Verlängern von Lieferfristen führen. Es ist entscheidend, die Auswirkungen jedes Änderungsantrags zu bewerten.\n\n3. **Änderungsmanagement-Prozess**: Implementieren Sie einen klaren Prozess für die Beantragung und Genehmigung von Änderungen. Dazu gehören Dokumentationen der Anforderungen, Auswirkungen und Kosten.	\N	2025-08-28 06:38:03.238829
1164	861	user	Ich bin vor allem an dem Thema Änderungsmanagement-Prozess interessiert.	Änderungsmanagement-Prozess	2025-08-28 06:38:10.388324
1167	862	assistant	Es gibt mehrere Methoden im Projektmanagement, die sich als zielführend erwiesen haben. Hier sind einige der gängigsten:\n\n1. **Agile**: Diese Methode fördert Anpassungsfähigkeit und iterative Arbeit. Besonders in dynamischen Umgebungen, wo sich Anforderungen schnell ändern können, ist Agile sehr effektiv.\n\n2. **Scrum**: Eine spezielle Form der agilen Methodik, die sich auf die Entwicklung in Sprints konzentriert. Hierbei wird ein Product Backlog erstellt und in festen Zeitrahmen – den Sprints – gearbeitet.\n\n3. **Waterfall**: Eine lineare und sequenzielle Methode, die sich gut für Projekte eignet, bei denen die Anforderungen von Anfang an klar definiert sind. Diese Methode ist weniger flexibel, aber oft einfacher zu verwalten.	\N	2025-08-28 06:59:02.595195
1168	868	user	Warum wird bei Projekten das Zeitmanagement oft unterschätzt?	Zeitmanagement	2025-08-28 08:56:09.925158
1171	868	assistant	Änderungen und Change Requests sind zentrale Aspekte im Projektmanagement, die einen großen Einfluss auf den Projektverlauf haben können. Hier sind einige wichtige Punkte dazu:\n\n1. **Definition eines Change Requests**: Ein Change Request ist ein formeller Antrag, um Anpassungen an den Anforderungen, Zielen oder Abläufen des Projekts vorzunehmen. Dieser Prozess stellt sicher, dass Änderungen kontrolliert und dokumentiert werden.\n\n2. **Ursachen für Änderungen**: Änderungen können aus verschiedenen Gründen erforderlich sein, z.B. aufgrund von neuen Anforderungen der Stakeholder, unerwarteten Problemen während der Umsetzung oder der Notwendigkeit, die Qualität zu verbessern.\n\n3. **Change Management Prozess**: Ein effektives Change Management beinhaltet typischerweise mehrere Schritte:\n   - **Dokumentation**: Der Change Request muss klar dokumentiert werden, einschließlich der Gründe für die Änderung.\n   - **Bewertung**: Die Auswirkungen der Änderung auf Zeit, Kosten und Ressourcen müssen sorgfältig bewertet werden.\n   - **Genehmigung**: Der Change Request sollte vom Projektleiter oder einem Change Control Board genehmigt werden, bevor die Änderungen implementiert werden.\n   - **Kommunikation**: Alle Stakeholder sollten über genehmigte Änderungen informiert werden.	\N	2025-08-28 08:56:47.741139
1172	868	user	Ich bin vor allem an dem Thema Genehmigung interessiert.	Genehmigung	2025-08-28 08:57:09.695853
1175	871	assistant	Das Zeitmanagement wird in Projekten oft unterschätzt aus mehreren Gründen:\n\n1. **Ungenaue Schätzungen**: Viele Projektteams neigen dazu, Zeitrahmen für Aufgaben zu optimistisch zu schätzen. Dies kann zu unrealistischen Milestones führen.\n\n2. **Unvorhergesehenes**: Bei der Planung werden häufig Risiken und Unwägbarkeiten unterschätzt, die während des Projekts auftreten und zusätzlichen Zeitaufwand verursachen können.\n\n3. **Aufgabenpriorisierung**: Manchmal können Stakeholder zusätzliche Anforderungen oder Change Requests in den Zeitplan bringen, ohne den Zeitrahmen entsprechend anzupassen.	\N	2025-08-28 09:30:53.956989
1176	871	user	Ich möchte das Thema Ungenaue Schätzungen vertiefen.	Ungenaue Schätzungen	2025-08-28 09:39:07.969718
1179	872	assistant	Typische Probleme mit der Budget-Kontrolle im Projektmanagement können folgende Aspekte umfassen:\n\n1. **Unzureichende Planung**: Ein ungenaues Budget kann dazu führen, dass die finanziellen Mittel nicht ausreichen, um alle Projektanforderungen zu erfüllen. Eine gründliche Planung ist essentiell.\n\n2. **Unvorhergesehene Kosten**: Unerwartete Ausgaben, wie z.B. Änderungen in den Anforderungen (Change Requests) oder unvorhergesehene Ereignisse, können das Budget sprengen.\n\n3. **Mangelndes Controlling**: Fehlende oder ineffiziente Überwachung der Ausgaben im Vergleich zum Budget kann dazu führen, dass Probleme zu spät erkannt werden.	\N	2025-08-28 09:39:44.834987
1180	871	user	Ich bin vor allem an dem Thema Erfahrungsbasierte Schätzungen interessiert.	Erfahrungsbasierte Schätzungen	2025-08-28 09:39:56.970785
1181	872	user	Ich möchte das Thema Unvorhergesehene Kosten vertiefen.	Unvorhergesehene Kosten	2025-08-28 09:40:00.367008
1183	872	assistant	Gerne! Unvorhergesehene Kosten sind ein häufiges Risiko im Projektmanagement und können verschiedene Ursachen haben. Hier sind einige Details:\n\n1. **Änderungen der projektinternen Anforderungen**: Oft kommt es zu Anpassungen, die nicht im ursprünglichen Budget berücksichtigt sind. Das kann durch Stakeholder-Feedback oder sich verändernde Marktbedingungen bedingt sein.\n\n2. **Technologische Herausforderungen**: Wenn neue Technologien oder Softwaretools eingesetzt werden, können unerwartete Probleme auftreten, die zusätzliche Ressourcen oder Fachkenntnisse erfordern.\n\n3. **Fehlende Ressourcenplanung**: Wenn die benötigten Fachkräfte oder Materialien nicht rechtzeitig zur Verfügung stehen, entstehen möglicherweise zusätzliche Kosten durch Verzögerungen oder die Notwendigkeit, überteuerte Alternativen zu nutzen.	\N	2025-08-28 09:40:07.46454
1165	861	assistant	Sie wollen die Herausforderungen, die im Projekt-Management auftreten meistern. Zum Beispiel Budget-Kontrolle und Änderungen im Projektscope, mit dem Lösungsansatz Änderungsmanagement-Prozess.\r\n\r\nDas sagt House of PM:\r\n\n\nDer Änderungsmanagement-Prozess im Projektmanagement ist entscheidend, um sicherzustellen, dass Änderungen an Projektumfang, Zeitplan oder Budget systematisch und kontrolliert durchgeführt werden. Hier sind die wesentlichen Schritte eines effektiven Änderungsmanagement-Prozesses:\n\n1. **Identifikation von Änderungen**: Stakeholder oder Teammitglieder sollten alle Änderungsanforderungen klar dokumentieren, wann immer sie erkannt werden.\n\n2. **Bewertung der Änderung**: Jede Änderung sollte hinsichtlich ihrer Auswirkungen auf Kosten, Zeitplan, Ressourcen und Projektergebnisse bewertet werden. Hierbei ist es wichtig, alle betroffenen Parteien einzubeziehen.\n\n3. **Genehmigung der Änderung**: Implementieren Sie ein formelles Genehmigungsverfahren. Die Veränderung sollte von einem Gremium oder durch die Projektleitung genehmigt werden, bevor sie umgesetzt wird.	\N	2025-08-28 06:38:15.947179
1166	862	user	Welche Projekt-Management Methoden sind zielführend?	Projekt-Management Methoden	2025-08-28 06:58:59.302182
1169	868	assistant	Das Zeitmanagement in Projekten wird oft unterschätzt aus mehreren Gründen:\n\n1. **Fehlende Planung**: Manchmal wird die Bedeutung einer strukturierten Zeitplanung, wie der Erstellung eines Gantt-Diagramms oder einer detaillierten Roadmap, nicht ausreichend erkannt. Ein unstrukturiertes Vorgehen führt häufig zu falschen Zeitschätzungen.\n\n2. **Unterschätzung des Aufwands**: Stakeholder, die keine Erfahrung im Projektmanagement haben, neigen dazu, den Aufwand für Aufgaben zu unterschätzen. Dies kann zu unrealistischen Zeitschätzungen führen.\n\n3. **Änderungen und Change Requests**: Projekte durchlaufen häufig Änderungen, die den ursprünglichen Zeitplan beeinflussen. Ein unzureichendes Change Management kann dazu führen, dass diese Änderungen nicht wirksam in den Zeitplan integriert werden.	\N	2025-08-28 08:56:16.682456
1170	868	user	Ich möchte das Thema Änderungen und Change Requests vertiefen.	Änderungen und Change Requests	2025-08-28 08:56:42.05164
1173	868	assistant	Sie wollen die Herausforderungen, die im Projekt-Management auftreten meistern. Zum Beispiel Zeitmanagement und Änderungen und Change Requests, mit dem Lösungsansatz Genehmigung.\r\n\r\nDas sagt House of PM:\r\n\n\nDie Genehmigung von Change Requests ist ein kritischer Schritt im Change Management Prozess. Hier sind einige wichtige Aspekte:\n\n1. **Stakeholder Einbindung**: Alle relevanten Stakeholder sollten in den Genehmigungsprozess einbezogen werden. Dies stellt sicher, dass die Perspektiven und Interessen aller beteiligten Parteien berücksichtig werden.\n\n2. **Kriterien für die Genehmigung**: Es sollten klare Kriterien definiert werden, nach denen Change Requests beurteilt werden. Dazu gehören:\n   - Auswirkungen auf den Projektzeitplan (z.B. Deadlines, Milestones)\n   - Finanzielle Auswirkungen (Zusätzliche Kosten oder Einsparungen)\n   - Risiken, die möglicherweise durch die Änderungen entstehen\n   - Erwartete Vorteile oder Verfeinerungen der ursprünglichen Ziele\n\n3. **Change Control Board (CCB)**: Viele Projekte setzen ein Change Control Board ein, das speziell für die Prüfung und Genehmigung von Changes zuständig ist. Das CCB bewertet alle Anträge auf Grundlage der festgelegten Kriterien und trifft fundierte Entscheidungen.	\N	2025-08-28 08:57:17.308774
1174	871	user	Warum wird bei Projekten das Zeitmanagement oft unterschätzt?	Zeitmanagement	2025-08-28 09:30:49.811354
1177	871	assistant	Eine vertiefte Betrachtung ungenauer Schätzungen im Zeitmanagement von Projekten umfasst mehrere Aspekte:\n\n1. **Erfahrungsbasierte Schätzungen**: Oft basieren Zeitangaben auf vergangenen Projekten oder dem "Bauchgefühl" von Teammitgliedern, was zu subjektiven Schätzungen führen kann. Es ist wichtig, standardisierte Methoden wie die Delphi-Methode oder die Fibonacci-Sequenz für Schätzungen anzuwenden.\n\n2. **Projekkomplexität**: Je komplexer ein Projekt ist, desto schwieriger ist es, genaue Estimates zu machen. Faktoren wie neue Technologien oder ungeklärte Anforderungen können den Zeitrahmen erheblich beeinflussen.\n\n3. **Aufgabenabhängigkeiten**: Fehler bei der Identifizierung von Abhängigkeiten zwischen Aufgaben können dazu führen, dass Aufgaben zeitlich überlappen oder nicht im richtigen zeitlichen Rahmen geplant sind.	\N	2025-08-28 09:39:14.311044
1178	872	user	Was sind typische Probleme mit Budget-Kontrolle im Projektmanagement?	Budget-Kontrolle	2025-08-28 09:39:40.022333
1182	871	assistant	Sie wollen die Herausforderungen, die im Projekt-Management auftreten meistern. Zum Beispiel Zeitmanagement und Ungenaue Schätzungen, mit dem Lösungsansatz Erfahrungsbasierte Schätzungen.\r\n\r\nDas sagt House of PM:\r\n\n\nDas Thema erfahrungsbasierte Schätzungen ist zentral für das Zeitmanagement in Projekten. Hier sind einige wichtige Punkte dazu:\n\n1. **Retro-Perspektive**: Stellen Sie sicher, dass das Team über Erfahrungen aus früheren Projekten verfügt. Eine Analyse vergangener Projekte kann helfen, realistischere Schätzungen abzugeben. Documentieren Sie, was gut lief und was nicht, um zukünftige Fehler zu vermeiden.\n\n2. **Team-Beteiligung**: Involvieren Sie alle relevanten Stakeholder bei der Schätzung. Diversifizierte Perspektiven und Erfahrungen führen zu präziseren Ergebnissen. Nutzen Sie auch Gruppen-Techniken wie Planning Poker, um eine breite Diskussion zu fördern.\n\n3. **Validierung durch historische Daten**: Nutzen Sie vorhandene Daten aus ähnlichen, abgeschlossenen Projekten als Referenz. Dette ermöglicht objektivere Schätzungen und verbessert die Planungsgenauigkeit.	\N	2025-08-28 09:40:03.012363
1184	872	user	Ich bin vor allem an dem Thema Fehlende Ressourcenplanung interessiert.	Fehlende Ressourcenplanung	2025-08-28 09:41:39.999194
1187	874	user	Was ist beim risikomanagement zu beachten?		2025-08-28 09:44:20.909248
1190	874	assistant	Das Vertiefen des Themas Risikostrategien ist sehr wichtig für den Erfolg eines Projekts. Hier sind einige spezifische Ansätze, die angewandt werden können:\n\n1. **Risikovermeidung**: Strategien so gestalten, dass die Wahrscheinlichkeit des Eintretens eines Risikos verringert wird, beispielsweise durch Anpassungen am Projektumfang oder der Methodik.\n\n2. **Risikominderung**: Maßnahmen entwickeln, um die Auswirkungen eines Risikos zu minimieren, falls es doch eintreten sollte. Dies kann durch zusätzliche Ressourcen, die Implementierung von neuen Technologien oder Prozessänderungen geschehen.\n\n3. **Risikotransfer**: Risiken an Dritte übertragen, zum Beispiel durch Versicherungen oder Subunternehmen, welche die entsprechenden Risiken managen können.	\N	2025-08-28 09:44:57.899545
1191	874	user	Ich bin vor allem an dem Thema Risikotransfer interessiert.	Risikotransfer	2025-08-28 09:45:23.826127
1193	876	user	was ist die grundlage für das change management		2025-08-28 09:48:32.386063
1222	935	user	Warum sind Cash-Flow Prognosen so wichtig im Immobilen Management?	Cash-Flow Prognosen	2025-09-09 12:42:04.647961
1332	1012	user	Was sind die fundamentalen Faktoren, die Kapitalströme im Immobilien Management beeinflussen?	Kapitalströme	2025-09-14 12:52:15.613172
1185	872	assistant	Sie wollen die Herausforderungen, die im Projekt-Management auftreten meistern. Zum Beispiel Budget-Kontrolle und Unvorhergesehene Kosten, mit dem Lösungsansatz Fehlende Ressourcenplanung.\r\n\r\nDas sagt House of PM:\r\n\n\nDie fehlende Ressourcenplanung kann erhebliche negative Auswirkungen auf die Projektkoste sowie auf den Zeitplan haben. Hier sind einige wichtige Aspekte:\n\n1. **Kapazitätsengpässe**: Wenn nicht genügend Mitarbeiter zur Verfügung stehen oder die Verantwortlichkeiten unklar sind, kann es zu Engpässen kommen, die die Projektzeitlinie beeinflussen. Es kann sein, dass Ressourcen kurzfristig hinzugezogen werden müssen, was die Kosten erhöht.\n\n2. **Unzureichende Einschätzung des Ressourcenbedarfs**: Oft wird die erforderliche Menge an Zeit, Materialien oder Personal zu optimistisch eingeschätzt. Dies kann dazu führen, dass das ursprünglich geplante Budget nicht ausreicht.\n\n3. **Fehlende Puffer**: Eine Ressourcenplanung ohne entsprechende Pufferzeiten ist riskant. Ein Puffer kann helfen, Verzögerungen aufzufangen, ohne sofort zu überbudgetieren oder die Qualität zu beeinträchtigen.	\N	2025-08-28 09:41:44.621234
1333	1012	assistant	Im Immobilien Management beeinflussen mehrere fundamentale Faktoren die Kapitalströme. Hier sind einige der wichtigsten:\n\n1. **Wirtschaftliche Rahmenbedingungen**: Verschiedene ökonomische Indikatoren wie das Bruttoinlandsprodukt (BIP), die Arbeitslosenrate und die Inflation haben einen direkten Einfluss auf die Nachfrage nach Immobilien und damit auf die Kapitalströme.\n\n2. **Zinsniveau**: Niedrige Zinsen erleichtern es Investoren, Kredite aufzunehmen, was zu einer höheren Nachfrage nach Immobilien führen kann. Dies hat Auswirkungen auf die Investitionsbereitschaft und die Asset-Werte.\n\n3. **Regulierungen und Steuervorteile**: Gesetzliche Rahmenbedingungen und steuerliche Anreize können Kapitalströme in den Immobiliensektor stark beeinflussen. Beispielsweise können Förderprogramme für den Bau von Wohnimmobilien Investitionen anziehen.	\N	2025-09-14 12:52:20.752656
1188	874	assistant	Beim Risikomanagement in Projekten sind mehrere wichtige Aspekte zu berücksichtigen:\n\n1. **Identifikation von Risiken**: Standpunkte von Stakeholdern einholen, um mögliche Risiken frühzeitig zu erkennen. Dies kann technische, finanzielle oder operationale Risiken umfassen.\n\n2. **Risikobewertung**: Jedes identifizierte Risiko sollte hinsichtlich seiner Eintrittswahrscheinlichkeit und seiner potenziellen Auswirkungen bewertet werden. Eine Matrix kann hierbei helfen, die Priorität der Risiken festzulegen.\n\n3. **Risikostrategien entwickeln**: Für die wichtigsten Risiken sollten Strategien zur Minderung, Akzeptanz oder Vermeidung entwickelt werden. Der Einsatz von Change Requests kann notwendig sein, um Anpassungen am Projektplan vorzunehmen.	\N	2025-08-28 09:44:28.378357
1189	874	user	Ich möchte das Thema Risikostrategien entwickeln vertiefen.	Risikostrategien entwickeln	2025-08-28 09:44:51.815869
1194	876	assistant	Die Grundlage für das Change Management liegt in der strukturierten Vorgehensweise zur Planung, Durchführung und Überwachung von Änderungen innerhalb eines Projekts oder einer Organisation. Es umfasst mehrere wesentliche Aspekte:\n\n1. **Identifikation von Änderungen**: Es ist wichtig, die Notwendigkeit und den Umfang der Änderungen zu erkennen, die entweder aus internen Faktoren (z.B. Betriebskosten, Effizienzsteigerungen) oder externen Faktoren (z.B. Marktveränderungen, regulatorische Anforderungen) abgeleitet sind.\n\n2. **Change Request-Prozess**: Der Prozess beginnt oft mit einem Change Request, der formal dokumentiert werden muss, um die Gründe für die Änderung und deren erwarteta Auswirkungen festzuhalten.\n\n3. **Stakeholder-Engagement**: Alle betroffenen Stakeholder sollten in den Change Management-Prozess einbezogen werden, um deren Bedürfnisse und Bedenken frühzeitig zu adressieren.	\N	2025-08-28 09:48:37.452718
1195	875	user	Welche Projekt-Management Methoden sind zielführend?	Projekt-Management Methoden	2025-08-28 09:52:56.867474
1198	875	assistant	SCRUM ist eine populäre agile Methode, die sich besonders für komplexe Projekte eignet und dabei hilft, in iterativen Zyklen Mehrwert zu liefern. Hier sind einige zentrale Elemente von SCRUM:\n\n1. **Rollen**:\n   - **Product Owner**: Verantwortlich für die Produktvision und Priorisierung des Backlogs.\n   - **SCRUM Master**: Unterstützt das Team bei der Implementierung von SCRUM und beseitigt Hindernisse.\n   - **Entwicklungsteam**: Arbeitet an den Aufgaben im Backlog und ist selbstorganisiert.\n\n2. **Artefakte**:\n   - **Product Backlog**: Liste aller Anforderungen und Features, die für das Produkt benötigt werden.\n   - **Sprint Backlog**: Auswahl von Anforderungen, die in einem Sprint bearbeitet werden.\n   - **Inkrement**: Das am Ende eines Sprints fertiggestellte Produkt.\n\n3. **Ereignisse**:\n   - **Sprint**: Ein festgelegter Zeitraum (in der Regel zwei bis vier Wochen), in dem ein funktionsfähiges Produktinkrement erstellt wird.\n   - **Sprint Planning**: Treffen, um das Sprintziel und die Aufgaben festzulegen.\n   - **Daily Scrum**: Tägliches 15-minütiges Stand-up-Meeting, um den Fortschritt zu besprechen.\n   - **Sprint Review**: Überprüfung des Inkrements mit Stakeholdern am Ende eines Sprints.\n   - **Sprint Retrospective**: Rückblick auf den Sprint zur Verbesserung des Prozesses.\n\nSCRUM fördert kontinuierliche Verbesserung, Anpassungsfähigkeit und enge Zusammenarbeit innerhalb des Teams sowie mit Stakeholdern. Möchten Sie mehr über bestimmte Aspekte oder Herausforderungen von SCRUM erfahren?	\N	2025-08-28 09:53:38.102639
1200	877	assistant	Im Bereich Projektmanagement gibt es mehrere weit verbreitete Standards, die international anerkannt sind. Zu den wichtigsten zählen:\n\n1. **PMBOK Guide (Project Management Body of Knowledge)** - Herausgegeben vom Project Management Institute (PMI), bietet dieser Leitfaden einen umfassenden Rahmen für Projektmanagement-Praktiken.\n\n2. **PRINCE2 (Projects in Controlled Environments)** - Ein prozessorientierter Ansatz, der besonders im Vereinigten Königreich und in europäischen Ländern populär ist.\n\n3. **IPMA (International Project Management Association)** - Bietet verschiedene Standards und Zertifizierungen, die auf die Kompetenzen von Projektmanagern abzielen.	\N	2025-08-28 09:53:55.982041
1202	877	assistant	Die IPMA (International Project Management Association) ist eine der führenden Organisationen im Bereich Projektmanagement weltweit. Sie wurde 1965 gegründet und verfolgt mehrere Ziele:\n\n1. **Zertifizierungen**: IPMA bietet ein System von Zertifizierungen, das auf einem Kompetenzmodell basiert. Die Zertifizierungen reichen von Level D (Basiswissen) bis Level A (Führung eines komplexen Projekts).\n\n2. **Kompetenzen**: Die IPMA definiert fünf Kompetenzbereiche, die Projektmanager beherrschen sollten: technisches Management, Kontextmanagement, Verhaltensmanagement, Führungskompetenzen sowie den Bereich der Projektqualitäts- und Risiko-Management.\n\n3. **Globale Einflüsse**: IPMA hat eine breite internationale Mitgliedschaft, die es ermöglicht, Best Practices und neue Ansätze aus verschiedenen Ländern und Kulturen zu integrieren.	\N	2025-08-28 09:54:32.550925
1204	877	assistant	Sie wollen die Herausforderungen, die im Projekt-Management auftreten meistern. Zum Beispiel  und IPMA (International Project Management Association), mit dem Lösungsansatz IPMA (International Project Management Association).\r\n\r\nDas sagt House of PM:\r\n\n\nEs tut mir leid, aber ich kann Ihnen keine Informationen über spezifische Personen oder deren Meinungen bieten, wenn es nicht direkt mit Projektmanagement zu tun hat. Wenn Sie spezifische Fragen zu IPMA oder verwandten Themen im Projektmanagement haben, beantworte ich diese gerne!	\N	2025-08-28 09:57:31.036085
1211	908	user	Was sind typische Probleme mit Budget-Kontrolle im Projektmanagement?	Budget-Kontrolle	2025-09-01 09:47:29.609721
1192	874	assistant	Sie wollen die Herausforderungen, die im Projekt-Management auftreten meistern. Zum Beispiel  und Risikostrategien entwickeln, mit dem Lösungsansatz Risikotransfer.\r\n\r\nDas sagt House of PM:\r\n\n\nRisikotransfer ist ein wichtiger Bestandteil des Risikomanagements und kann sowohl Vorteile als auch Herausforderungen mit sich bringen. Hier sind einige Schlüsselpunkte dazu:\n\n1. **Definition**: Risikotransfer bedeutet, dass die Verantwortung für das Risiko auf eine dritte Partei übertragen wird. Dies hilft, die finanzielle oder operationale Last des Risikos vom eigenen Projektteam abzuwälzen.\n\n2. **Instrumente für den Risikotransfer**:\n   - **Versicherungen**: Eine gängige Methode, um Risiken abzusichern. Beispielsweise Haftpflichtversicherung, Fehlerrisiken oder Konstruktion Versicherungen.\n   - **Outsourcing**: Bestimmte Projektaufgaben an Dritte auslagern, die spezielle Risiken im Zusammenhang mit diesen Aufgaben besser managen können.\n\n3. **Vertragsgestaltung**: Bei der Übertragung von Risiken ist es entscheidend, klare vertragliche Vereinbarungen zu treffen, um zu definieren, welche Risiken an Dritte übertragen werden und wie diese gemanagt werden.	\N	2025-08-28 09:45:28.95374
1199	877	user	welche projektmanagement standards werden heute weltweit verwendet?		2025-08-28 09:53:51.323754
1203	877	user	was sagt sibylle schmidtke zu dieser thematik?	IPMA (International Project Management Association)	2025-08-28 09:57:28.881079
1205	900	user	Welche Projekt-Management Methoden sind zielführend?	Projekt-Management Methoden	2025-08-28 16:27:46.605992
1206	900	assistant	Es gibt verschiedene Projektmanagement-Methoden, die je nach Projekttyp, Umfang und Teamstruktur zielführend sein können. Hier sind einige der bekanntesten Methoden:\n\n1. **Wasserfall-Methode**: Eine sequenzielle, lineare Methode, bei der jede Phase erst abgeschlossen werden muss, bevor die nächste beginnt. Geeignet für klar definierte Projekte.\n\n2. **Agile**: Diese Methode fördert Flexibilität und Anpassungsfähigkeit. Projekte werden in kleinen, inkrementellen Schritten umgesetzt, oft in sogenannten Sprints. Ideal für Projekte mit sich verändernden Anforderungen.\n\n3. **Scrum**: Eine Anwendung von Agile, die spezielle Rollen (wie Scrum Master und Product Owner) und Strukturen (wie Sprints und Scrum-Meetings) hervorgehoben. Es konzentriert sich auf schnelle Anpassungen und regelmäßige Überprüfungen.	\N	2025-08-28 16:27:57.5355
1207	900	user	Ich möchte das Thema Wasserfall-Methode vertiefen.	Wasserfall-Methode	2025-08-28 16:28:19.679662
1208	900	assistant	Gerne! Die Wasserfall-Methode ist eine der ältesten und am weitesten verbreiteten Projektmanagement-Methoden. Hier sind die wichtigsten Aspekte:\n\n1. **Phasen**: Die Methode besteht aus klar definierten Phasen:\n   - **Anforderungsanalyse**: Alle Anforderungen und Spezifikationen werden erfasst und dokumentiert.\n   - **Planung**: Ein detaillierter Projektplan wird erstellt, inklusive Zeitrahmen, Ressourcen und Budget.\n   - **Entwurf**: Technische Spezifikationen und Architektur werden entworfen.\n   - **Implementierung**: Der eigentliche Code oder das Produkt wird entwickelt.\n   - **Testen**: Das Produkt wird getestet, um sicherzustellen, dass es die Anforderungen erfüllt.\n   - **Wartung**: Nach der Abschlussphase werden eventuelle Fehler behoben und Anpassungen vorgenommen.\n\n2. **Prozessorientiert**: Die Methode ist sehr prozessorientiert, was bedeutet, dass jede Phase einen klaren Abschluss hat, bevor die nächste beginnt. Dies fördert Disziplin und Struktur.\n\n3. **Dokumentation**: Eine umfangreiche Dokumentation ist integral, was die Zusammenarbeit und das Verständnis bei Stakeholdern erleichtert.	\N	2025-08-28 16:28:28.199482
1209	900	user	Ich bin vor allem an dem Thema Implementierung interessiert.	Implementierung	2025-08-28 16:28:59.815295
1210	900	assistant	Sie wollen die Herausforderungen, die im Projekt-Management auftreten meistern. Zum Beispiel Projekt-Management Methoden und Wasserfall-Methode, mit dem Lösungsansatz Implementierung.\r\n\r\nDas sagt House of PM:\r\n\n\nDie Implementierungsphase in der Wasserfall-Methode ist entscheidend, da hier die tatsächliche Produktion oder Entwicklung des Produkts erfolgt. Hier sind einige wichtige Aspekte der Implementierung:\n\n1. **Entwicklung**: In dieser Phase wird код oder die Lösung gemäß den zuvor definierten Spezifikationen und dem Entwurf erstellt. Es umfasst das Programmieren oder Erstellen der notwendigen Komponenten des Projekts.\n\n2. **Versionierung und Builds**: Regelmäßige Builds (Versionen des Produkts) werden erstellt, um die Fortschritte zu überwachen. Dies ermöglicht es, Verbesserungen zu erkennen und sicherzustellen, dass alle Teile miteinander funktionieren.\n\n3. **Überwachung**: Das Controlling ist wichtig, um sicherzustellen, dass die Implementierung im Zeitplan und Budget bleibt. Veränderungen sollten dokumentiert werden, um die Ursachen für eventuelle Verzögerungen zu identifizieren.	\N	2025-08-28 16:29:05.92955
1212	923	user	Welche Projekt-Management Methoden sind zielführend?	Projekt-Management Methoden	2025-09-08 15:09:16.63479
1213	924	user	Warum wird bei Projekten das Zeitmanagement oft unterschätzt?	Zeitmanagement	2025-09-08 15:10:25.744528
1214	925	user	Was sind typische Probleme mit Budget-Kontrolle im Projektmanagement?	Budget-Kontrolle	2025-09-08 15:11:40.350601
1215	926	user	Warum wird bei Projekten das Zeitmanagement oft unterschätzt?	Zeitmanagement	2025-09-08 15:12:54.941202
1216	927	user	Welche Projekt-Management Methoden sind zielführend?	Projekt-Management Methoden	2025-09-08 15:13:43.048631
1217	928	user	Welche Projekt-Management Methoden sind zielführend?	Projekt-Management Methoden	2025-09-08 15:29:15.167762
1218	929	user	Welche Projekt-Management Methoden sind zielführend?	Projekt-Management Methoden	2025-09-08 15:32:40.995422
1219	929	assistant	Es gibt mehrere Projektmanagement-Methoden, die zielführend sein können, abhängig von den spezifischen Anforderungen des Projekts und der Organisation. Hier sind einige der beliebtesten Methoden:\n\n1. **Agile**: Diese Methode betont Flexibilität und Anpassungsfähigkeit, insbesondere in technologiegetriebenen Projekten. Sie verwendet Iterationen und fördert die häufige Einbindung von Stakeholdern.\n\n2. **Scrum**: Eine spezielle Form des Agile, die sich auf kleine, inkrementelle Fortschritte konzentriert. Es ist ideal für Projekte, bei denen sich die Anforderungen häufig ändern.\n\n3. **Waterfall**: Eine traditionelle Methode, die linear vorgeht. Jede Phase muss abgeschlossen sein, bevor die nächste beginnt. Sie ist in gut definierten Projekten nützlich.	\N	2025-09-08 15:32:48.276316
1220	934	user	Warum ist Liquiditätsmanagement von entscheidender Bedeutung für das Financial Asset-Management im Sektor Immobilien Management.	Liquiditätsmanagement	2025-09-09 06:59:51.594248
1221	934	assistant	Liquiditätsmanagement ist im Financial Asset-Management (FAM) im Immobilien-Management aus mehreren Gründen von entscheidender Bedeutung:\n\n1. **Zahlungsfähigkeit sichern**: Ein effektives Liquiditätsmanagement gewährleistet, dass Immobilienunternehmen in der Lage sind, ihre kurzfristigen Verbindlichkeiten rechtzeitig zu begleichen, wie z.B. Hypotheken, Betriebskosten und Instandhaltungsaufwendungen.\n\n2. **Investitionsmöglichkeiten nutzen**: Wenn genügend Liquidität vorhanden ist, können Unternehmen schnell auf günstige Investmentmöglichkeiten reagieren. Das kann z.B. den Erwerb von Immobilien zu einem guten Preis oder Investitionen in Renovierungen umfassen, um den Wert zu steigern.\n\n3. **Risikomanagement**: Eine gesunde Liquiditätsposition hilft Unternehmen, unvorhergesehene Ausgaben oder Marktschwankungen abzufangen. In Krisenzeiten ist eine solide Liquiditätslage entscheidend, um finanzielle Engpässe zu vermeiden.	\N	2025-09-09 06:59:57.446088
1223	935	assistant	Cash-Flow Prognosen sind im Immobilien-Management von entscheidender Bedeutung aus mehreren Gründen:\n\n1. **Finanzielle Planung**: Sie helfen bei der Planung von Einnahmen und Ausgaben über einen bestimmten Zeitraum, was entscheidend für die Sicherstellung der finanziellen Stabilität eines Immobilienprojekts ist.\n\n2. **Investment Decision Making**: Durch eine genaue Cash-Flow Prognose können Investoren die Rentabilität ihrer Investitionen besser einschätzen und informierte Entscheidungen treffen.\n\n3. **Liquiditätsmanagement**: Cash-Flow Prognosen helfen dabei, Engpässe in der Liquidität zu identifizieren, sodass entsprechende Maßnahmen getroffen werden können, um sicherzustellen, dass genügend Kapital vorhanden ist, um laufende Ausgaben zu decken.	\N	2025-09-09 12:42:12.450091
1334	1013	user	Was sind die fundamentalen Faktoren, die Kapitalströme im Immobilien Management beeinflussen?	Kapitalströme	2025-09-14 12:54:53.188536
1335	1013	assistant	Im Immobilien Management gibt es mehrere fundamentale Faktoren, die Kapitalströme beeinflussen:\n\n1. **Wirtschaftliche Rahmenbedingungen**: Die allgemeine wirtschaftliche Lage, wie das BIP-Wachstum oder die Arbeitslosenquote, können maßgeblich beeinflussen, wie viel Kapital in Immobilien investiert wird.\n\n2. **Zinssätze**: Die Höhe der Zinssätze hat einen direkten Einfluss auf die Kosten der Fremdfinanzierung. Niedrige Zinssätze ermutigen Investitionen, während hohe Zinssätze das Gegenteil bewirken können.\n\n3. **Nachfrage und Angebot**: Veränderungen in der Nachfrage nach Wohn- und Gewerbeimmobilien, sowie das Angebot neuer Projekte, haben wesentlichen Einfluss auf die Kapitalströme.	\N	2025-09-14 12:54:57.715759
1436	1063	assistant	Natürlich, hier sind die Zinsformeln mit Beispielen zur Veranschaulichung ihrer Anwendung im Financial Asset-Management.\n\n1. **Zinseszinseffekt**:\n   Nehmen wir an, Sie investieren 1.000 Euro ( \\(P = 1000\\) ) zu einem Zinssatz von 5% pro Jahr ( \\(r = 0.05\\) ) über 3 Jahre ( \\(n = 3\\) ). \n\n   Die Formel lautet:\n\n   $$\n   A = P \\cdot (1 + r)^n\n   $$\n   \n   Setzen wir die Werte ein:\n\n   $$\n   A = 1000 \\cdot (1 + 0.05)^3 \\\\\n   A = 1000 \\cdot (1.157625) \\\\\n   A \\approx 1157.63\n   $$\n\n   Am Ende der 3 Jahre hätten Sie also ungefähr 1.157,63 Euro.\n\n2. **Kürzeste Kapitalrückzahlungsformel**:\n   Angenommen, Sie nehmen einen Kredit auf und zahlen jährlich 500 Euro ( \\(P = 500\\) ) bei einem Zinssatz von 4% ( \\(r = 0.04\\) ) über 5 Jahre ( \\(n = 5\\) ).\n\n   Die Formel ist:\n\n   $$\n   FV = P \\cdot \\left( \\frac{(1 + r)^n - 1}{r} \\right)\n   $$\n\n   Setzen wir die Werte ein:\n\n   $$\n   FV = 500 \\cdot \\left( \\frac{(1 + 0.04)^5 - 1}{0.04} \\right) \\\\\n   FV = 500 \\cdot \\left( \\frac{(1.2166529 - 1)}{0.04} \\right) \\\\\n   FV \\approx 500 \\cdot 5.41632 \\\\\n   FV \\approx 2708.16\n   $$\n\n   Der zukünftige Wert dieser Zahlungen wäre also etwa 2.708,16 Euro.\n\n3. **Berechnung des Barwerts von zukünftigen Cashflows**:\n   Angenommen, Sie erwarten, in 4 Jahren ( \\(n = 4\\) ) 2.000 Euro ( \\(CF = 2000\\) ) zu erhalten, und der Diskontsatz beträgt 6% ( \\(r = 0.06\\) ). \n\n   Die Formel lautet:\n\n   $$\n   PV = \\frac{CF}{(1 + r)^n}\n   $$\n\n   Setzen wir die Werte ein:\n\n   $$\n   PV = \\frac{2000}{(1 + 0.06)^4} \\\\\n   PV = \\frac{2000}{(1.26247696)} \\\\\n   PV \\approx 1583.43\n   $$\n\n   Der Barwert des zukünftigen Cashflows von 2.000 Euro entspricht also etwa 1.583,43 Euro in der Gegenwart.\n\nWenn Sie weitere Beispiele oder spezifische Anwendungen benötigen, lassen Sie es mich wissen!	\N	2025-09-17 00:26:36.598086
1437	1064	user	Warum sind Cash-Flow Prognosen so wichtig im Immobilen Management?	Cash-Flow Prognosen	2025-09-17 00:37:16.454961
1441	1064	user	Ich bin vor allem an dem Thema Risikobewertung im Financial Asset-Management interessiert.	Risikobewertung	2025-09-17 00:37:48.148599
1450	1065	user	Was sind die fundamentalen Faktoren, die Kapitalströme im Immobilien Management beeinflussen?	Kapitalströme	2025-09-17 07:52:25.664195
1451	1065	assistant	Kapitalströme im Immobilien Management werden von einer Vielzahl von fundamentalen Faktoren beeinflusst. Die wichtigsten sind:\n\n1. **Wirtschaftswachstum**: Ein starkes Wirtschaftswachstum führt oft zu höheren Mietpreisen und Immobilienpreisen, was Kapital anzieht.\n\n2. **Zinssätze**: Tiefere Zinssätze senken die Finanzierungskosten und machen Investitionen in Immobilien attraktiver, während höhere Zinssätze das Gegenteil bewirken können.\n\n3. **Arbeitsmarkt**: Eine robuste Beschäftigungslage erhöht die Nachfrage nach Wohnraum und Büroflächen, was die Kapitalströme positiv beeinflusst.	\N	2025-09-17 07:52:36.862477
1506	1123	assistant	Das Zeitmanagement wird bei Projekten oft aus mehreren Gründen unterschätzt:\n\n1. **Optimismus-Bias**: Projektleiter und Teammitglieder neigen dazu, die benötigte Zeit für Aufgaben zu unterschätzen. Dies führt dazu, dass realistische Zeitrahmen nicht berücksichtigt werden.\n\n2. **Unvollständige Schätzung**: Bei der Planung werden möglicherweise nicht alle notwendigen Schritte oder deren Komplexität berücksichtigt, was zu einer ungenauen Zeitplanung führt.\n\n3. **Prioritäten-Shift**: Unterwegs können sich Prioritäten ändern, die dazu führen, dass Ressourcen umgeschichtet werden müssen, was das Zeitmanagement zusätzlich belastet.	\N	2025-09-21 23:03:13.971941
1540	1165	assistant	Das Liquiditätsmanagement ist von entscheidender Bedeutung für das Financial Asset-Management im Sektor Immobilien Management aus mehreren Gründen:\n\n1. **Sicherstellung der Zahlungsfähigkeit**: Ein effektives Liquiditätsmanagement gewährleistet, dass notwendige Mittel für operative Ausgaben, wie beispielsweise Instandhaltungen oder die Bezahlung von Mitarbeitern, jederzeit verfügbar sind. Dies ist besonders wichtig in der Immobilienbranche, wo unerwartete Kosten schnell auftreten können.\n\n2. **Risiko-Minimierung**: Durch die Sicherstellung ausreichender Liquidität können potenzielle finanzielle Risiken besser gemanagt werden. Dies ist relevant, um in schwachen Marktphasen liquide zu bleiben und um Reparaturen oder Sanierungen in Krisenzeiten durchführen zu können.\n\n3. **Optimierung von Investitionen**: Liquiditätsmanagement ermöglicht es, schnell auf Investmentmöglichkeiten zu reagieren. Ein Liquiditätspuffer kann genutzt werden, um geeignete Immobilien zu erwerben, bevor andere Investoren platzieren können.	\N	2025-10-06 15:01:26.445175
1542	1165	assistant	Die Sicherstellung der Zahlungsfähigkeit ist ein zentraler Aspekt im Financial Asset-Management, besonders im Immobilienmanagement. Hier sind einige wichtige Punkte, die Sie bei der Vertiefung dieses Themas beachten sollten:\n\n1. **Cash Flow-Management**: Ein effektives Cash Flow-Management ist entscheidend, um sicherzustellen, dass alle Verbindlichkeiten pünktlich beglichen werden können. Dies umfasst die sorgfältige Planung von Einnahmen aus Mieten, Verlängerungen von Mietverträgen sowie Verkaufsprozessen und die Abwägung gegen fällige Zahlungen wie Steuern, Instandhaltungskosten und Hypothekenzahlungen.\n\n2. **Liquiditätsreserven**: Es ist ratsam, eine Liquiditätsreserve für unvorhergesehene Ausgaben und Situationen zu bilden. Diese Reserve hilft, kurzfristige Liquiditätsengpässe zu überbrücken und sichert die Fortführung des Betriebs auch in Krisensituationen.\n\n3. **Finanzierungsstrategien**: Die Wahl der richtigen Finanzierungsstruktur ist essentiell. Dabei sollten sowohl kurzfristige als auch langfristige Finanzierungsmöglichkeiten geprüft und optimiert werden, um die Liquidität nicht zu gefährden. Daraus resultierend können Hypothekenbedingungen, Kreditlinien und andere Finanzierungsquellen entscheidend für die Zahlungsfähigkeit sein.	\N	2025-10-06 15:02:16.457349
1556	1174	assistant	Es gibt mehrere bewährte Projektmanagement-Methoden, die je nach Art des Projekts und den spezifischen Anforderungen zielführend sind. Hier sind einige der bekanntesten Ansätze:\n\n1. **Wasserfallmodell**: Diese traditionelle Methode folgt einem linearen Ansatz, bei dem die Phasen nacheinander abgeschlossen werden (Requirements, Design, Implementation, Testing, Deployment). Vorteilhaft in klar strukturierten Projekten.\n\n2. **Agile**: Ein iterativer Ansatz, der Flexibilität und Anpassungsfähigkeit betont. Scrum und Kanban sind beliebte Frameworks innerhalb dieser Methode. Agile funktioniert gut bei Projekten mit sich ändernden Anforderungen.\n\n3. **PRINCE2**: Eine prozessorientierte Methode, die auf der Definition von Rollen, Verantwortlichkeiten und einem klaren Projektplan basiert. Sie eignet sich gut für größere und komplexere Projekte.	\N	2025-10-07 20:48:11.233334
1557	1174	user	Ich möchte das Thema PRINCE2 vertiefen.	PRINCE2	2025-10-07 20:48:21.614912
1558	1174	assistant	PRINCE2 (PRojects IN Controlled Environments) ist eine weit verbreitete projektmanagementmethode, die in verschiedenen Projekten angewendet wird. Hier sind einige zentrale Aspekte, die Sie bei der Vertiefung in das Thema PRINCE2 beachten sollten:\n\n1. **Grundprinzipien**: PRINCE2 basiert auf sieben Prinzipien, darunter den geschäftlichen Rechtfertigungsgrundsatz, die Lehren aus Erfahrung, klare Rollen und Verantwortlichkeiten sowie Management nach Phasen.\n\n2. **Schlüsselthemen**: PRINCE2 identifiziert sieben Themen, die über den gesamten Projektlebenszyklus berücksichtigt werden müssen, darunter Business Case, Organisation, Qualität, Pläne, Risikomanagement, Änderungen und Fortschrittskontrolle.\n\n3. **Prozessmodell**: PRINCE2 umfasst sieben Prozesse: \n   - Vorbereiten eines Projekts\n   - Initiierung eines Projekts\n   - Steuerung eines Projekts\n   - Management von Phasenübergängen\n   - Überwachung und Steuerung der Arbeit\n   - Abschluss eines Projekts	\N	2025-10-07 20:48:29.884915
\.


--
-- Data for Name: prompts; Type: TABLE DATA; Schema: public; Owner: chatbot_user
--

COPY public.prompts (id, tenant_id, name, role, content, is_default, created_at) FROM stdin;
2	2	Default	system	Sie sind ein Medizinspezialist und Arzt mit interdisziplinärer Kompetenz.	t	\N
1	1	Default	system	Sie sind ein Coach für Projektmanagement. Wenn Benutzer Fragen stellen, die nichts mit Projektmanagement zu tun haben sagen Sie sehr nett und höflich, dass es hier aber um PM geht. Alle Fragen zu PM beantworten sie scharfsinning, angemessen und professionell.\r\nDie Antworten sind in Deutsch, aber behalte typische  Projekt Management Anglicismen in English bei.  \r\nBeispiele: Milestone, Kick-off, Stakeholder, Roadmap, Controlling, Change Request.  \r\nDas heisst also, bitte keine Deutschen Ersetzungen für solche Begriffe erfinden.	t	\N
3	4	Default	system	Sie sind ein Coach für Financial Asset-Management im Sektor Immobilien-Management. Wenn Benutzer Fragen stellen, die nichts mit Financial Asset-Management (FAM) oder Immobilien Management im Allgemeinen oder Digitalisierung im Immobilien Management oder mit KI im Immobilien Management zu tun haben, sagen Sie sehr nett und höflich, dass es hier aber um FAM geht. Alle Fragen zu FAM beantworten sie scharfsinnig, angemessen und professionell.\r\nDie Antworten sind in Deutsch, aber behalte typische  Financial Asset-Management Anglizismen in English bei.  \r\nBeispiele: Return of Invest, Investment, Asset, Forecast.  \r\nDas heisst also, bitte keine Deutschen Ersetzungen für solche Begriffe erfinden.	t	\N
\.


--
-- Data for Name: tenants; Type: TABLE DATA; Schema: public; Owner: chatbot_user
--

COPY public.tenants (id, name, created_at) FROM stdin;
1	Tenant-1	2025-07-26 20:49:14.532632
2	docteur	\N
4	Tenant-2	\N
\.


--
-- Data for Name: topics; Type: TABLE DATA; Schema: public; Owner: chatbot_user
--

COPY public.topics (id, tenant_id, topic, question, started_at) FROM stdin;
3	2	Strategische Ausrichtung	Warum ist {topic} zwischen den Unternehmenszielen und Projektzielen dauerhaft herausfordernd?	2025-07-28 09:17:13.359491
11	2	Widerstände aus dem Projekt-Team	In Projekten gibt es manchmal {topic}, die schwer zu erklären sind, mit denen aber professionell umgegangen werden muss.	\N
12	2	Unzureichende Erfahrung mit den Anforderungen in PMOs	In Unternehmen sind Mitarbeiter oft mit {topic} konfrontiert.	\N
10	2	Unvollendete Vorgänger-Projekte	Beim Start eines neuen Projektes kommt es nicht selten vor, dass es {topic} gibt, die erst analysiert und aufgearbeitet werden müssen.	\N
9	2	Management Commitment	Was ist eine typisches Problem in Bezug auf {topic} in Projekten aufgrund von konkurrierenden Interessen.	\N
15	4	Cash-Flow Prognosen	Warum sind {topic} so wichtig im Immobilen Management?	\N
16	4	Liquiditätsmanagement	Warum ist {topic} von entscheidender Bedeutung für das Financial Asset-Management im Sektor Immobilien Management.	\N
17	4	Kapitalströme	Was sind die fundamentalen Faktoren, die {topic} im Immobilien Management beeinflussen?	\N
2	1	Budget-Kontrolle	Was sind typische Probleme mit {topic} im Projektmanagement?	2025-07-28 09:16:56.685211
6	2	Fieber	Ich habe {topic}. 	\N
7	2	Kopfschmerzen	Ich habe {topic}. 	\N
8	2	Gelenkschmerzen	Ich habe {topic}. 	\N
4	1	Zeitmanagement	Warum wird bei Projekten das {topic} oft unterschätzt?	2025-07-28 09:17:32.461817
14	1	Projekt-Management Methoden	Welche {topic} sind zielführend?	\N
1	2	Ressourcen-Zuweisung	Was sind typische Probleme mit der {topic} in Projekten?	2025-07-28 09:15:58.99426
5	2	Mitarbeiter Skills	Welche Probleme treten bei Projekten häufig in Bezug auf {topic} auf?	\N
13	2	Interims Management	Die Rolle von Projekt-Teams (vor allem externen) in Bezug aus {topic} führt zuweilen zu nicht moderierten Konkurrenzsituationen.  	\N
\.


--
-- Data for Name: users; Type: TABLE DATA; Schema: public; Owner: chatbot_user
--

COPY public.users (id, tenant_id, username, email, created_at) FROM stdin;
1	1	TestUser	hubs@zubs.com	\N
2	2	docTestUser	hubs@zubs.com	\N
3	4	TestUser2	hubs@zubs.com	\N
4	4	Default User	default@example.com	2025-09-09 06:59:29.088815
\.



--
-- Name: documents documents_pkey; Type: CONSTRAINT; Schema: public; Owner: chatbot_user
--

ALTER TABLE ONLY public.documents
    ADD CONSTRAINT documents_pkey PRIMARY KEY (id);


--
-- Name: followup_questions followup_questions_pkey; Type: CONSTRAINT; Schema: public; Owner: chatbot_user
--

ALTER TABLE ONLY public.followup_questions
    ADD CONSTRAINT followup_questions_pkey PRIMARY KEY (id);


--
-- Name: messages messages_pkey; Type: CONSTRAINT; Schema: public; Owner: chatbot_user
--

ALTER TABLE ONLY public.messages
    ADD CONSTRAINT messages_pkey PRIMARY KEY (id);


--
-- Name: prompts prompts_pkey; Type: CONSTRAINT; Schema: public; Owner: chatbot_user
--

ALTER TABLE ONLY public.prompts
    ADD CONSTRAINT prompts_pkey PRIMARY KEY (id);


--
-- Name: tenants tenants_pkey; Type: CONSTRAINT; Schema: public; Owner: chatbot_user
--

ALTER TABLE ONLY public.tenants
    ADD CONSTRAINT tenants_pkey PRIMARY KEY (id);


--
-- Name: topics topics_pkey; Type: CONSTRAINT; Schema: public; Owner: chatbot_user
--

ALTER TABLE ONLY public.topics
    ADD CONSTRAINT topics_pkey PRIMARY KEY (id);


--
-- Name: users users_pkey; Type: CONSTRAINT; Schema: public; Owner: chatbot_user
--

ALTER TABLE ONLY public.users
    ADD CONSTRAINT users_pkey PRIMARY KEY (id);


--
-- Name: idx_documents_section; Type: INDEX; Schema: public; Owner: chatbot_user
--

CREATE INDEX idx_documents_section ON public.documents USING btree (tenant_id, section);


--
-- Name: idx_documents_story; Type: INDEX; Schema: public; Owner: chatbot_user
--

CREATE INDEX idx_documents_story ON public.documents USING btree (tenant_id, story_id, section, bullet_index);


--
-- Name: uq_documents_story_section_bullet; Type: INDEX; Schema: public; Owner: chatbot_user
--

CREATE UNIQUE INDEX uq_documents_story_section_bullet ON public.documents USING btree (tenant_id, title, section, story_id, bullet_index);


--
-- Name: documents documents_case_id_fkey; Type: FK CONSTRAINT; Schema: public; Owner: chatbot_user
--

ALTER TABLE ONLY public.documents
    ADD CONSTRAINT documents_case_id_fkey FOREIGN KEY (case_id) REFERENCES public.cases(id);


--
-- Name: documents documents_tenant_id_fkey; Type: FK CONSTRAINT; Schema: public; Owner: chatbot_user
--

ALTER TABLE ONLY public.documents
    ADD CONSTRAINT documents_tenant_id_fkey FOREIGN KEY (tenant_id) REFERENCES public.tenants(id);


--
-- Name: followup_questions followup_questions_message_id_fkey; Type: FK CONSTRAINT; Schema: public; Owner: chatbot_user
--

ALTER TABLE ONLY public.followup_questions
    ADD CONSTRAINT followup_questions_message_id_fkey FOREIGN KEY (message_id) REFERENCES public.messages(id);


--
-- Name: messages messages_case_id_fkey; Type: FK CONSTRAINT; Schema: public; Owner: chatbot_user
--

ALTER TABLE ONLY public.messages
    ADD CONSTRAINT messages_case_id_fkey FOREIGN KEY (case_id) REFERENCES public.cases(id);


--
-- Name: prompts prompts_tenant_id_fkey; Type: FK CONSTRAINT; Schema: public; Owner: chatbot_user
--

ALTER TABLE ONLY public.prompts
    ADD CONSTRAINT prompts_tenant_id_fkey FOREIGN KEY (tenant_id) REFERENCES public.tenants(id);


--
-- Name: topics topics_tenant_id_fkey; Type: FK CONSTRAINT; Schema: public; Owner: chatbot_user
--

ALTER TABLE ONLY public.topics
    ADD CONSTRAINT topics_tenant_id_fkey FOREIGN KEY (tenant_id) REFERENCES public.tenants(id);


--
-- Name: users users_tenant_id_fkey; Type: FK CONSTRAINT; Schema: public; Owner: chatbot_user
--

ALTER TABLE ONLY public.users
    ADD CONSTRAINT users_tenant_id_fkey FOREIGN KEY (tenant_id) REFERENCES public.tenants(id);